Last updated on 2025-11-22 09:50:04 CET.
| Flavor | Version | Tinstall | Tcheck | Ttotal | Status | Flags |
|---|---|---|---|---|---|---|
| r-devel-linux-x86_64-debian-clang | 1.0.0 | 2.44 | 21.37 | 23.81 | OK | |
| r-devel-linux-x86_64-debian-gcc | 1.0.0 | 1.93 | 17.73 | 19.66 | OK | |
| r-devel-linux-x86_64-fedora-clang | 1.0.0 | 36.34 | OK | |||
| r-devel-linux-x86_64-fedora-gcc | 1.0.0 | 34.22 | OK | |||
| r-devel-windows-x86_64 | 1.0.0 | 12.00 | 44.00 | 56.00 | OK | |
| r-patched-linux-x86_64 | 1.0.0 | 2.64 | 20.18 | 22.82 | OK | |
| r-release-linux-x86_64 | 1.0.0 | 2.57 | 20.19 | 22.76 | OK | |
| r-release-macos-arm64 | 1.0.0 | OK | ||||
| r-release-macos-x86_64 | 1.0.0 | 5.00 | 31.00 | 36.00 | OK | |
| r-release-windows-x86_64 | 1.0.0 | 6.00 | 42.00 | 48.00 | OK | |
| r-oldrel-macos-arm64 | 1.0.0 | NOTE | ||||
| r-oldrel-macos-x86_64 | 1.0.0 | 4.00 | 21.00 | 25.00 | NOTE | |
| r-oldrel-windows-x86_64 | 1.0.0 | 8.00 | 48.00 | 56.00 | NOTE |
Version: 1.0.0
Check: LazyData
Result: NOTE
'LazyData' is specified without a 'data' directory
Flavors: r-oldrel-macos-arm64, r-oldrel-macos-x86_64, r-oldrel-windows-x86_64