Last updated on 2025-10-31 09:50:27 CET.
| Flavor | Version | Tinstall | Tcheck | Ttotal | Status | Flags | 
|---|---|---|---|---|---|---|
| r-devel-linux-x86_64-debian-clang | 0.6.4 | 5.52 | 68.34 | 73.86 | OK | |
| r-devel-linux-x86_64-debian-gcc | 0.6.4 | 3.40 | 55.00 | 58.40 | OK | |
| r-devel-linux-x86_64-fedora-clang | 0.6.4 | 11.00 | 84.34 | 95.34 | OK | |
| r-devel-linux-x86_64-fedora-gcc | 0.6.4 | 104.58 | OK | |||
| r-devel-windows-x86_64 | 0.6.4 | 5.00 | 86.00 | 91.00 | OK | |
| r-patched-linux-x86_64 | 0.6.4 | 5.31 | 64.75 | 70.06 | OK | |
| r-release-linux-x86_64 | 0.6.4 | 4.91 | 64.83 | 69.74 | OK | |
| r-release-macos-arm64 | 0.6.4 | 2.00 | 43.00 | 45.00 | OK | |
| r-release-macos-x86_64 | 0.6.4 | 4.00 | 69.00 | 73.00 | OK | |
| r-release-windows-x86_64 | 0.6.4 | 6.00 | 90.00 | 96.00 | OK | |
| r-oldrel-macos-arm64 | 0.6.4 | 2.00 | 55.00 | 57.00 | NOTE | |
| r-oldrel-macos-x86_64 | 0.6.4 | 3.00 | 56.00 | 59.00 | NOTE | |
| r-oldrel-windows-x86_64 | 0.6.4 | 6.00 | 97.00 | 103.00 | NOTE | 
Version: 0.6.4
Check: LazyData
Result: NOTE
    'LazyData' is specified without a 'data' directory
Flavors: r-oldrel-macos-arm64, r-oldrel-macos-x86_64, r-oldrel-windows-x86_64