Last updated on 2025-11-16 09:49:38 CET.
| Flavor | Version | Tinstall | Tcheck | Ttotal | Status | Flags |
|---|---|---|---|---|---|---|
| r-devel-linux-x86_64-debian-clang | 1.6-0.0 | 4.52 | 32.32 | 36.84 | OK | |
| r-devel-linux-x86_64-debian-gcc | 1.6-0.0 | 3.30 | 25.95 | 29.25 | NOTE | |
| r-devel-linux-x86_64-fedora-clang | 1.6-0.0 | 20.00 | 38.86 | 58.86 | OK | |
| r-devel-linux-x86_64-fedora-gcc | 1.6-0.0 | 69.35 | OK | |||
| r-devel-windows-x86_64 | 1.6-0.0 | 8.00 | 49.00 | 57.00 | OK | |
| r-patched-linux-x86_64 | 1.6-0.0 | 4.38 | 30.07 | 34.45 | OK | |
| r-release-linux-x86_64 | 1.6-0.0 | 3.96 | 30.44 | 34.40 | OK | |
| r-release-macos-arm64 | 1.6-0.0 | 3.00 | 35.00 | 38.00 | OK | |
| r-release-macos-x86_64 | 1.6-0.0 | 4.00 | 44.00 | 48.00 | OK | |
| r-release-windows-x86_64 | 1.6-0.0 | 7.00 | 49.00 | 56.00 | OK | |
| r-oldrel-macos-arm64 | 1.6-0.0 | 3.00 | 27.00 | 30.00 | OK | |
| r-oldrel-macos-x86_64 | 1.6-0.0 | 4.00 | 37.00 | 41.00 | OK | |
| r-oldrel-windows-x86_64 | 1.6-0.0 | 7.00 | 57.00 | 64.00 | OK |
Version: 1.6-0.0
Check: CRAN incoming feasibility
Result: NOTE
Maintainer: ‘Damian W. Betebenner <dbetebenner@nciea.org>’
The BugReports field in DESCRIPTION has
https://github.com/CenterForAssessment/randomNames/issues/
which should likely be
https://github.com/CenterForAssessment/randomNames/issues/issues
instead.
Flavor: r-devel-linux-x86_64-debian-gcc