Last updated on 2025-10-22 09:50:47 CEST.
Flavor | Version | Tinstall | Tcheck | Ttotal | Status | Flags |
---|---|---|---|---|---|---|
r-devel-linux-x86_64-debian-clang | 1.10-1 | 11.79 | 113.45 | 125.24 | NOTE | |
r-devel-linux-x86_64-debian-gcc | 1.10-1 | 8.87 | 79.38 | 88.25 | NOTE | |
r-devel-linux-x86_64-fedora-clang | 1.10-1 | 30.00 | 165.69 | 195.69 | OK | |
r-devel-linux-x86_64-fedora-gcc | 1.10-1 | 24.00 | 159.54 | 183.54 | OK | |
r-devel-windows-x86_64 | 1.10-1 | 14.00 | 115.00 | 129.00 | OK | |
r-patched-linux-x86_64 | 1.10-1 | 12.16 | 105.22 | 117.38 | OK | |
r-release-linux-x86_64 | 1.10-1 | 12.43 | 105.21 | 117.64 | OK | |
r-release-macos-arm64 | 1.10-1 | 5.00 | 44.00 | 49.00 | OK | |
r-release-macos-x86_64 | 1.10-1 | 10.00 | 96.00 | 106.00 | OK | |
r-release-windows-x86_64 | 1.10-1 | 17.00 | 115.00 | 132.00 | OK | |
r-oldrel-macos-arm64 | 1.10-1 | 6.00 | 45.00 | 51.00 | OK | |
r-oldrel-macos-x86_64 | 1.10-1 | 8.00 | 63.00 | 71.00 | OK | |
r-oldrel-windows-x86_64 | 1.10-1 | 20.00 | 144.00 | 164.00 | OK |
Version: 1.10-1
Check: CRAN incoming feasibility
Result: NOTE
Maintainer: ‘Peter Langfelder <peter.langfelder@gmail.com>’
No Authors@R field in DESCRIPTION.
Please add one, modifying
Authors@R: c(person(given = "Lin",
family = "Song",
role = "aut"),
person(given = "Peter",
family = "Langfelder",
role = c("aut", "cre"),
email = "peter.langfelder@gmail.com"))
as necessary.
Flavors: r-devel-linux-x86_64-debian-clang, r-devel-linux-x86_64-debian-gcc