Last updated on 2025-10-27 09:50:43 CET.
| Flavor | Version | Tinstall | Tcheck | Ttotal | Status | Flags |
|---|---|---|---|---|---|---|
| r-devel-linux-x86_64-debian-clang | 1.0 | 34.14 | 137.56 | 171.70 | OK | |
| r-devel-linux-x86_64-debian-gcc | 1.0 | 26.01 | 96.32 | 122.33 | OK | |
| r-devel-linux-x86_64-fedora-clang | 1.0 | 149.00 | 130.52 | 279.52 | OK | |
| r-devel-linux-x86_64-fedora-gcc | 1.0 | 58.00 | 200.12 | 258.12 | OK | |
| r-devel-windows-x86_64 | 1.0 | 37.00 | 156.00 | 193.00 | OK | |
| r-patched-linux-x86_64 | 1.0 | 31.78 | 129.99 | 161.77 | OK | |
| r-release-linux-x86_64 | 1.0 | 34.14 | 129.47 | 163.61 | OK | |
| r-release-macos-arm64 | 1.0 | 12.00 | 40.00 | 52.00 | OK | |
| r-release-macos-x86_64 | 1.0 | 25.00 | 89.00 | 114.00 | OK | |
| r-release-windows-x86_64 | 1.0 | 36.00 | 158.00 | 194.00 | OK | |
| r-oldrel-macos-arm64 | 1.0 | 14.00 | 55.00 | 69.00 | NOTE | |
| r-oldrel-macos-x86_64 | 1.0 | 23.00 | 90.00 | 113.00 | NOTE | |
| r-oldrel-windows-x86_64 | 1.0 | 47.00 | 203.00 | 250.00 | OK |
Version: 1.0
Check: installed package size
Result: NOTE
installed size is 5.7Mb
sub-directories of 1Mb or more:
libs 5.5Mb
Flavors: r-oldrel-macos-arm64, r-oldrel-macos-x86_64