Last updated on 2025-11-22 09:50:05 CET.
| Flavor | Version | Tinstall | Tcheck | Ttotal | Status | Flags |
|---|---|---|---|---|---|---|
| r-devel-linux-x86_64-debian-clang | 0.1.2 | 6.00 | 54.54 | 60.54 | OK | |
| r-devel-linux-x86_64-debian-gcc | 0.1.2 | 4.88 | 41.93 | 46.81 | OK | |
| r-devel-linux-x86_64-fedora-clang | 0.1.2 | 13.00 | 76.96 | 89.96 | OK | |
| r-devel-linux-x86_64-fedora-gcc | 0.1.2 | 13.00 | 72.69 | 85.69 | OK | |
| r-devel-windows-x86_64 | 0.1.2 | 8.00 | 69.00 | 77.00 | OK | |
| r-patched-linux-x86_64 | 0.1.2 | 5.57 | 51.76 | 57.33 | OK | |
| r-release-linux-x86_64 | 0.1.2 | 5.34 | 51.45 | 56.79 | OK | |
| r-release-macos-arm64 | 0.1.2 | OK | ||||
| r-release-macos-x86_64 | 0.1.2 | 6.00 | 50.00 | 56.00 | OK | |
| r-release-windows-x86_64 | 0.1.2 | 7.00 | 69.00 | 76.00 | OK | |
| r-oldrel-macos-arm64 | 0.1.2 | NOTE | ||||
| r-oldrel-macos-x86_64 | 0.1.2 | 5.00 | 40.00 | 45.00 | NOTE | |
| r-oldrel-windows-x86_64 | 0.1.2 | 9.00 | 82.00 | 91.00 | NOTE |
Version: 0.1.2
Check: LazyData
Result: NOTE
'LazyData' is specified without a 'data' directory
Flavors: r-oldrel-macos-arm64, r-oldrel-macos-x86_64, r-oldrel-windows-x86_64