Last updated on 2025-10-22 09:50:50 CEST.
Flavor | Version | Tinstall | Tcheck | Ttotal | Status | Flags |
---|---|---|---|---|---|---|
r-devel-linux-x86_64-debian-clang | 0.0.5 | 38.99 | 311.71 | 350.70 | NOTE | |
r-devel-linux-x86_64-debian-gcc | 0.0.5 | 24.71 | 199.82 | 224.53 | NOTE | |
r-devel-linux-x86_64-fedora-clang | 0.0.5 | 99.00 | 460.92 | 559.92 | OK | |
r-devel-linux-x86_64-fedora-gcc | 0.0.5 | 77.00 | 458.64 | 535.64 | OK | |
r-devel-windows-x86_64 | 0.0.5 | 35.00 | 238.00 | 273.00 | OK | |
r-patched-linux-x86_64 | 0.0.5 | 37.16 | 296.23 | 333.39 | OK | |
r-release-linux-x86_64 | 0.0.5 | 36.59 | 292.86 | 329.45 | OK | |
r-release-macos-arm64 | 0.0.5 | 16.00 | 133.00 | 149.00 | OK | |
r-release-macos-x86_64 | 0.0.5 | 30.00 | 232.00 | 262.00 | OK | |
r-release-windows-x86_64 | 0.0.5 | 34.00 | 238.00 | 272.00 | OK | |
r-oldrel-macos-arm64 | 0.0.5 | 13.00 | 101.00 | 114.00 | OK | |
r-oldrel-macos-x86_64 | 0.0.5 | 34.00 | 161.00 | 195.00 | OK | |
r-oldrel-windows-x86_64 | 0.0.5 | 48.00 | 330.00 | 378.00 | OK |
Version: 0.0.5
Check: HTML version of manual
Result: NOTE
Found the following HTML validation problems:
getMinBBox.html:48:1 (getMinBBox.Rd:11): Warning: missing </ul> before </div>
Flavors: r-devel-linux-x86_64-debian-clang, r-devel-linux-x86_64-debian-gcc