Last updated on 2025-11-20 11:51:23 CET.
| Flavor | Version | Tinstall | Tcheck | Ttotal | Status | Flags |
|---|---|---|---|---|---|---|
| r-devel-linux-x86_64-debian-clang | 0.99.6 | 4.09 | 110.68 | 114.77 | OK | |
| r-devel-linux-x86_64-debian-gcc | 0.99.6 | 3.18 | 78.33 | 81.51 | OK | |
| r-devel-linux-x86_64-fedora-clang | 0.99.6 | 11.00 | 165.53 | 176.53 | NOTE | |
| r-devel-linux-x86_64-fedora-gcc | 0.99.6 | 11.00 | 172.93 | 183.93 | NOTE | |
| r-devel-windows-x86_64 | 0.99.6 | 19.00 | 118.00 | 137.00 | OK | |
| r-patched-linux-x86_64 | 0.99.6 | 5.94 | 103.21 | 109.15 | OK | |
| r-release-linux-x86_64 | 0.99.6 | 4.48 | 103.05 | 107.53 | OK | |
| r-release-macos-arm64 | 0.99.6 | OK | ||||
| r-release-macos-x86_64 | 0.99.6 | 5.00 | 108.00 | 113.00 | OK | |
| r-release-windows-x86_64 | 0.99.6 | 9.00 | 118.00 | 127.00 | OK | |
| r-oldrel-macos-arm64 | 0.99.6 | NOTE | ||||
| r-oldrel-macos-x86_64 | 0.99.6 | 4.00 | 85.00 | 89.00 | NOTE | |
| r-oldrel-windows-x86_64 | 0.99.6 | 9.00 | 147.00 | 156.00 | NOTE |
Version: 0.99.6
Check: dependencies in R code
Result: NOTE
Namespace in Imports field not imported from: ‘data.table’
All declared Imports should be used.
Flavors: r-devel-linux-x86_64-fedora-clang, r-devel-linux-x86_64-fedora-gcc
Version: 0.99.6
Check: LazyData
Result: NOTE
'LazyData' is specified without a 'data' directory
Flavors: r-oldrel-macos-arm64, r-oldrel-macos-x86_64, r-oldrel-windows-x86_64