Last updated on 2025-10-24 09:50:14 CEST.
| Flavor | Version | Tinstall | Tcheck | Ttotal | Status | Flags |
|---|---|---|---|---|---|---|
| r-devel-linux-x86_64-debian-clang | 0.1.1 | 8.64 | 86.15 | 94.79 | NOTE | |
| r-devel-linux-x86_64-debian-gcc | 0.1.1 | 5.50 | 61.12 | 66.62 | OK | |
| r-devel-linux-x86_64-fedora-clang | 0.1.1 | 19.00 | 126.60 | 145.60 | OK | |
| r-devel-linux-x86_64-fedora-gcc | 0.1.1 | 33.00 | 128.50 | 161.50 | OK | |
| r-devel-windows-x86_64 | 0.1.1 | 10.00 | 105.00 | 115.00 | OK | |
| r-patched-linux-x86_64 | 0.1.1 | 7.95 | 81.76 | 89.71 | OK | |
| r-release-linux-x86_64 | 0.1.1 | 7.86 | 81.82 | 89.68 | OK | |
| r-release-macos-arm64 | 0.1.1 | 3.00 | 42.00 | 45.00 | OK | |
| r-release-macos-x86_64 | 0.1.1 | 6.00 | 79.00 | 85.00 | OK | |
| r-release-windows-x86_64 | 0.1.1 | 11.00 | 107.00 | 118.00 | OK | |
| r-oldrel-macos-arm64 | 0.1.1 | 3.00 | 39.00 | 42.00 | OK | |
| r-oldrel-macos-x86_64 | 0.1.1 | 5.00 | 62.00 | 67.00 | OK | |
| r-oldrel-windows-x86_64 | 0.1.1 | 13.00 | 129.00 | 142.00 | OK |
Version: 0.1.1
Check: HTML version of manual
Result: NOTE
Found the following HTML validation problems:
makevec_prop.html:50:1 (makevec_prop.Rd:12): Warning: missing </ul> before </div>
rot_vector.html:46:1 (rot_vector.Rd:10): Warning: missing </ul> before </div>
show_lineup.html:46:1 (show_lineup.Rd:10): Warning: missing </ul> before </div>
Flavor: r-devel-linux-x86_64-debian-clang