Last updated on 2025-10-22 09:50:47 CEST.
Flavor | Version | Tinstall | Tcheck | Ttotal | Status | Flags |
---|---|---|---|---|---|---|
r-devel-linux-x86_64-debian-clang | 0.1.5.1 | 8.78 | 194.64 | 203.42 | NOTE | |
r-devel-linux-x86_64-debian-gcc | 0.1.5.1 | 5.44 | 127.49 | 132.93 | NOTE | |
r-devel-linux-x86_64-fedora-clang | 0.1.5.1 | 20.00 | 292.72 | 312.72 | OK | |
r-devel-linux-x86_64-fedora-gcc | 0.1.5.1 | 29.00 | 293.07 | 322.07 | OK | |
r-devel-windows-x86_64 | 0.1.5.1 | 10.00 | 176.00 | 186.00 | OK | |
r-patched-linux-x86_64 | 0.1.5.1 | 8.85 | 183.90 | 192.75 | OK | |
r-release-linux-x86_64 | 0.1.5.1 | 8.19 | 185.54 | 193.73 | OK | |
r-release-macos-arm64 | 0.1.5.1 | 3.00 | 73.00 | 76.00 | OK | |
r-release-macos-x86_64 | 0.1.5.1 | 6.00 | 158.00 | 164.00 | OK | |
r-release-windows-x86_64 | 0.1.5.1 | 11.00 | 179.00 | 190.00 | OK | |
r-oldrel-macos-arm64 | 0.1.5.1 | 3.00 | 69.00 | 72.00 | OK | |
r-oldrel-macos-x86_64 | 0.1.5.1 | 6.00 | 127.00 | 133.00 | OK | |
r-oldrel-windows-x86_64 | 0.1.5.1 | 13.00 | 240.00 | 253.00 | OK |
Version: 0.1.5.1
Check: CRAN incoming feasibility
Result: NOTE
Maintainer: ‘Linares Daniel <danilinares@gmail.com>’
Package CITATION file contains call(s) to old-style personList() or
as.personList(). Please use c() on person objects instead.
Package CITATION file contains call(s) to old-style citEntry(). Please
use bibentry() instead.
Flavors: r-devel-linux-x86_64-debian-clang, r-devel-linux-x86_64-debian-gcc
Version: 0.1.5.1
Check: HTML version of manual
Result: NOTE
Found the following HTML validation problems:
aic.html:46:1 (aic.Rd:10): Warning: missing </ul> before </div>
avbootstrap.html:56:1 (avbootstrap.Rd:16): Warning: missing </ul> before </div>
logliks.html:48:1 (logliks.Rd:11): Warning: missing </ul> before </div>
parbootstrap.html:46:1 (parbootstrap.Rd:10): Warning: missing </ul> before </div>
sse.html:46:1 (sse.Rd:10): Warning: missing </ul> before </div>
summary.quickpsy.html:53:1 (summary.quickpsy.Rd:13): Warning: missing </ul> before </div>
thresholds.html:55:1 (thresholds.Rd:15): Warning: missing </ul> before </div>
Flavors: r-devel-linux-x86_64-debian-clang, r-devel-linux-x86_64-debian-gcc