Last updated on 2025-10-22 09:50:47 CEST.
Flavor | Version | Tinstall | Tcheck | Ttotal | Status | Flags |
---|---|---|---|---|---|---|
r-devel-linux-x86_64-debian-clang | 1.1.1 | 11.92 | 111.99 | 123.91 | NOTE | |
r-devel-linux-x86_64-debian-gcc | 1.1.1 | 8.00 | 81.33 | 89.33 | NOTE | |
r-devel-linux-x86_64-fedora-clang | 1.1.1 | 31.00 | 159.90 | 190.90 | OK | |
r-devel-linux-x86_64-fedora-gcc | 1.1.1 | 22.00 | 174.30 | 196.30 | OK | |
r-devel-windows-x86_64 | 1.1.1 | 12.00 | 115.00 | 127.00 | OK | |
r-patched-linux-x86_64 | 1.1.1 | 9.18 | 106.13 | 115.31 | OK | |
r-release-linux-x86_64 | 1.1.1 | 10.53 | 106.91 | 117.44 | OK | |
r-release-macos-arm64 | 1.1.1 | 4.00 | 66.00 | 70.00 | OK | |
r-release-macos-x86_64 | 1.1.1 | 19.00 | 198.00 | 217.00 | OK | |
r-release-windows-x86_64 | 1.1.1 | 13.00 | 117.00 | 130.00 | OK | |
r-oldrel-macos-arm64 | 1.1.1 | 5.00 | 65.00 | 70.00 | OK | |
r-oldrel-macos-x86_64 | 1.1.1 | 15.00 | 132.00 | 147.00 | OK | |
r-oldrel-windows-x86_64 | 1.1.1 | 17.00 | 149.00 | 166.00 | OK |
Version: 1.1.1
Check: HTML version of manual
Result: NOTE
Found the following HTML validation problems:
validate_dir_path.html:46:1 (validate_dir_path.Rd:10): Warning: missing </ul> before </div>
Flavors: r-devel-linux-x86_64-debian-clang, r-devel-linux-x86_64-debian-gcc