Last updated on 2025-10-24 09:50:14 CEST.
| Flavor | Version | Tinstall | Tcheck | Ttotal | Status | Flags |
|---|---|---|---|---|---|---|
| r-devel-linux-x86_64-debian-clang | 0.0-10 | 3.30 | 25.44 | 28.74 | NOTE | |
| r-devel-linux-x86_64-debian-gcc | 0.0-10 | 2.81 | 20.07 | 22.88 | NOTE | |
| r-devel-linux-x86_64-fedora-clang | 0.0-10 | 41.76 | OK | |||
| r-devel-linux-x86_64-fedora-gcc | 0.0-10 | 40.88 | OK | |||
| r-devel-windows-x86_64 | 0.0-10 | 9.00 | 51.00 | 60.00 | OK | |
| r-patched-linux-x86_64 | 0.0-10 | 3.25 | 24.36 | 27.61 | NOTE | |
| r-release-linux-x86_64 | 0.0-10 | 3.29 | 24.24 | 27.53 | NOTE | |
| r-release-macos-arm64 | 0.0-10 | 4.00 | 20.00 | 24.00 | OK | |
| r-release-macos-x86_64 | 0.0-10 | 4.00 | 28.00 | 32.00 | OK | |
| r-release-windows-x86_64 | 0.0-10 | 8.00 | 53.00 | 61.00 | OK | |
| r-oldrel-macos-arm64 | 0.0-10 | 3.00 | 22.00 | 25.00 | OK | |
| r-oldrel-macos-x86_64 | 0.0-10 | 4.00 | 23.00 | 27.00 | OK | |
| r-oldrel-windows-x86_64 | 0.0-10 | 10.00 | 56.00 | 66.00 | OK |
Version: 0.0-10
Check: for unstated dependencies in ‘demo’
Result: NOTE
'::' or ':::' imports not declared from:
‘simsalapar’ ‘stabledist’
Flavors: r-devel-linux-x86_64-debian-clang, r-devel-linux-x86_64-debian-gcc, r-patched-linux-x86_64, r-release-linux-x86_64