Last updated on 2025-11-15 11:50:53 CET.
| Flavor | Version | Tinstall | Tcheck | Ttotal | Status | Flags |
|---|---|---|---|---|---|---|
| r-devel-linux-x86_64-debian-clang | 0.3.11 | 7.23 | 332.20 | 339.43 | NOTE | |
| r-devel-linux-x86_64-debian-gcc | 0.3.11 | 5.01 | 282.59 | 287.60 | NOTE | |
| r-devel-linux-x86_64-fedora-clang | 0.3.11 | 13.00 | 481.03 | 494.03 | OK | |
| r-devel-linux-x86_64-fedora-gcc | 0.3.11 | 14.00 | 476.39 | 490.39 | OK | |
| r-devel-windows-x86_64 | 0.3.11 | 10.00 | 285.00 | 295.00 | OK | |
| r-patched-linux-x86_64 | 0.3.11 | 6.70 | 319.66 | 326.36 | OK | |
| r-release-linux-x86_64 | 0.3.11 | 7.28 | 317.78 | 325.06 | OK | |
| r-release-macos-arm64 | 0.3.11 | 4.00 | 175.00 | 179.00 | OK | |
| r-release-macos-x86_64 | 0.3.11 | 12.00 | 318.00 | 330.00 | OK | |
| r-release-windows-x86_64 | 0.3.11 | 8.00 | 281.00 | 289.00 | OK | |
| r-oldrel-macos-arm64 | 0.3.11 | 3.00 | 152.00 | 155.00 | OK | |
| r-oldrel-macos-x86_64 | 0.3.11 | 5.00 | 213.00 | 218.00 | OK | |
| r-oldrel-windows-x86_64 | 0.3.11 | 11.00 | 377.00 | 388.00 | OK |
Version: 0.3.11
Check: CRAN incoming feasibility
Result: NOTE
Maintainer: ‘Zachary Kurtz <zdkurtz@gmail.com>’
The Description field contains
Müller, Richard Bonneau, Zachary Kurtz (2016) <arXiv:1605.07072>.
Please refer to arXiv e-prints via their arXiv DOI <doi:10.48550/arXiv.YYMM.NNNNN>.
Flavors: r-devel-linux-x86_64-debian-clang, r-devel-linux-x86_64-debian-gcc