Last updated on 2025-10-30 09:49:58 CET.
| Flavor | Version | Tinstall | Tcheck | Ttotal | Status | Flags | 
|---|---|---|---|---|---|---|
| r-devel-linux-x86_64-debian-clang | 1.7 | 10.64 | 62.32 | 72.96 | NOTE | |
| r-devel-linux-x86_64-debian-gcc | 1.7 | 7.73 | 46.91 | 54.64 | NOTE | |
| r-devel-linux-x86_64-fedora-clang | 1.7 | 21.00 | 91.63 | 112.63 | OK | |
| r-devel-linux-x86_64-fedora-gcc | 1.7 | 30.00 | 80.13 | 110.13 | OK | |
| r-devel-windows-x86_64 | 1.7 | 14.00 | 80.00 | 94.00 | OK | |
| r-patched-linux-x86_64 | 1.7 | 9.68 | 60.05 | 69.73 | OK | |
| r-release-linux-x86_64 | 1.7 | 10.50 | 59.98 | 70.48 | OK | |
| r-release-macos-arm64 | 1.7 | 6.00 | 32.00 | 38.00 | OK | |
| r-release-macos-x86_64 | 1.7 | 11.00 | 52.00 | 63.00 | OK | |
| r-release-windows-x86_64 | 1.7 | 18.00 | 82.00 | 100.00 | OK | |
| r-oldrel-macos-arm64 | 1.7 | 6.00 | 36.00 | 42.00 | OK | |
| r-oldrel-macos-x86_64 | 1.7 | 8.00 | 41.00 | 49.00 | OK | |
| r-oldrel-windows-x86_64 | 1.7 | 18.00 | 94.00 | 112.00 | OK | 
Version: 1.7
Check: CRAN incoming feasibility
Result: NOTE
  Maintainer: ‘Kyu Ha Lee <klee@hsph.harvard.edu>’
  
  No Authors@R field in DESCRIPTION.
  Please add one, modifying
    Authors@R: c(person(given = c("Kyu", "Ha"),
                        family = "Lee",
                        role = c("aut", "cre"),
                        email = "klee@hsph.harvard.edu"),
                 person(given = "Sounak",
                        family = "Chakraborty",
                        role = "aut"),
                 person(given = "Harrison",
                        family = "Reeder",
                        role = "aut"),
                 person(given = c("", "Jianguo"),
                        family = "Sun",
                        role = "aut",
                        comment = "Tony"))
  as necessary.
Flavors: r-devel-linux-x86_64-debian-clang, r-devel-linux-x86_64-debian-gcc