CRAN Package Check Results for Package prompt

Last updated on 2025-10-22 09:50:46 CEST.

Flavor Version Tinstall Tcheck Ttotal Status Flags
r-devel-linux-x86_64-debian-clang 1.0.2 2.35 30.33 32.68 NOTE
r-devel-linux-x86_64-debian-gcc 1.0.2 1.91 24.17 26.08 NOTE
r-devel-linux-x86_64-fedora-clang 1.0.2 47.62 OK
r-devel-linux-x86_64-fedora-gcc 1.0.2 48.22 OK
r-devel-windows-x86_64 1.0.2 3.00 54.00 57.00 OK
r-patched-linux-x86_64 1.0.2 2.74 27.78 30.52 OK
r-release-linux-x86_64 1.0.2 2.48 27.75 30.23 OK
r-release-macos-arm64 1.0.2 1.00 21.00 22.00 OK
r-release-macos-x86_64 1.0.2 2.00 32.00 34.00 OK
r-release-windows-x86_64 1.0.2 4.00 57.00 61.00 OK
r-oldrel-macos-arm64 1.0.2 1.00 20.00 21.00 OK
r-oldrel-macos-x86_64 1.0.2 2.00 25.00 27.00 OK
r-oldrel-windows-x86_64 1.0.2 3.00 61.00 64.00 OK

Check Details

Version: 1.0.2
Check: CRAN incoming feasibility
Result: NOTE Maintainer: ‘Gábor Csárdi <csardi.gabor@gmail.com>’ No Authors@R field in DESCRIPTION. Please add one, modifying Authors@R: person(given = "Gábor", family = "Csárdi", role = c("aut", "cre"), email = "csardi.gabor@gmail.com") as necessary. Flavors: r-devel-linux-x86_64-debian-clang, r-devel-linux-x86_64-debian-gcc