Last updated on 2025-10-22 09:50:46 CEST.
Flavor | Version | Tinstall | Tcheck | Ttotal | Status | Flags |
---|---|---|---|---|---|---|
r-devel-linux-x86_64-debian-clang | 0.17.0 | 4.29 | 120.03 | 124.32 | NOTE | |
r-devel-linux-x86_64-debian-gcc | 0.17.0 | 3.44 | 89.37 | 92.81 | NOTE | |
r-devel-linux-x86_64-fedora-clang | 0.17.0 | 67.00 | 145.46 | 212.46 | OK | |
r-devel-linux-x86_64-fedora-gcc | 0.17.0 | 22.00 | 194.40 | 216.40 | OK | |
r-devel-windows-x86_64 | 0.17.0 | 9.00 | 211.00 | 220.00 | OK | |
r-patched-linux-x86_64 | 0.16.0 | 4.98 | 114.59 | 119.57 | OK | |
r-release-linux-x86_64 | 0.17.0 | 4.78 | 113.02 | 117.80 | OK | |
r-release-macos-arm64 | 0.17.0 | 2.00 | 201.00 | 203.00 | OK | |
r-release-macos-x86_64 | 0.17.0 | 4.00 | 225.00 | 229.00 | OK | |
r-release-windows-x86_64 | 0.17.0 | 10.00 | 206.00 | 216.00 | OK | |
r-oldrel-macos-arm64 | 0.17.0 | 3.00 | 227.00 | 230.00 | OK | |
r-oldrel-macos-x86_64 | 0.17.0 | 4.00 | 230.00 | 234.00 | OK | |
r-oldrel-windows-x86_64 | 0.17.0 | 11.00 | 236.00 | 247.00 | OK |
Version: 0.17.0
Check: HTML version of manual
Result: NOTE
Found the following HTML validation problems:
handler_newline.html:71:1 (handler_newline.Rd:27): Warning: missing </ul> before </div>
Flavors: r-devel-linux-x86_64-debian-clang, r-devel-linux-x86_64-debian-gcc