Last updated on 2025-11-15 11:50:53 CET.
| Flavor | Version | Tinstall | Tcheck | Ttotal | Status | Flags |
|---|---|---|---|---|---|---|
| r-devel-linux-x86_64-debian-clang | 1.0.1 | 33.44 | 225.16 | 258.60 | NOTE | |
| r-devel-linux-x86_64-debian-gcc | 1.0.1 | 21.42 | 160.35 | 181.77 | NOTE | |
| r-devel-linux-x86_64-fedora-clang | 1.0.1 | 74.00 | 246.55 | 320.55 | OK | |
| r-devel-linux-x86_64-fedora-gcc | 1.0.1 | 133.00 | 297.50 | 430.50 | OK | |
| r-devel-windows-x86_64 | 1.0.1 | 37.00 | 204.00 | 241.00 | NOTE | |
| r-patched-linux-x86_64 | 1.0.1 | 28.95 | 209.60 | 238.55 | NOTE | |
| r-release-linux-x86_64 | 1.0.1 | 29.97 | 210.71 | 240.68 | NOTE | |
| r-release-macos-arm64 | 1.0.1 | 11.00 | 79.00 | 90.00 | OK | |
| r-release-macos-x86_64 | 1.0.1 | 26.00 | 178.00 | 204.00 | OK | |
| r-release-windows-x86_64 | 1.0.1 | 35.00 | 207.00 | 242.00 | NOTE | |
| r-oldrel-macos-arm64 | 1.0.1 | 12.00 | 79.00 | 91.00 | OK | |
| r-oldrel-macos-x86_64 | 1.0.1 | 19.00 | 130.00 | 149.00 | OK | |
| r-oldrel-windows-x86_64 | 1.0.1 | 44.00 | 265.00 | 309.00 | OK |
Version: 1.0.1
Check: Rd cross-references
Result: NOTE
Found the following Rd file(s) with Rd \link{} targets missing package
anchors:
ebp.Rd: nlme
write.excel.Rd: openxlsx
Please provide package anchors for all Rd \link{} targets not in the
package itself and the base packages.
Flavors: r-devel-linux-x86_64-debian-clang, r-devel-linux-x86_64-debian-gcc, r-devel-windows-x86_64, r-patched-linux-x86_64, r-release-linux-x86_64, r-release-windows-x86_64