Last updated on 2025-10-22 09:50:45 CEST.
Flavor | Version | Tinstall | Tcheck | Ttotal | Status | Flags |
---|---|---|---|---|---|---|
r-devel-linux-x86_64-debian-clang | 1.8.9 | 13.39 | 72.95 | 86.34 | NOTE | |
r-devel-linux-x86_64-debian-gcc | 1.8.9 | 9.02 | 50.97 | 59.99 | NOTE | |
r-devel-linux-x86_64-fedora-clang | 1.8.9 | 34.00 | 95.80 | 129.80 | OK | |
r-devel-linux-x86_64-fedora-gcc | 1.8.9 | 36.00 | 89.77 | 125.77 | OK | |
r-devel-windows-x86_64 | 1.8.9 | 21.00 | 113.00 | 134.00 | OK | |
r-patched-linux-x86_64 | 1.8.9 | 14.70 | 67.13 | 81.83 | OK | |
r-release-linux-x86_64 | 1.8.9 | 12.37 | 66.58 | 78.95 | OK | |
r-release-macos-arm64 | 1.8.9 | 6.00 | 38.00 | 44.00 | OK | |
r-release-macos-x86_64 | 1.8.9 | 13.00 | 69.00 | 82.00 | OK | |
r-release-windows-x86_64 | 1.8.9 | 22.00 | 118.00 | 140.00 | OK | |
r-oldrel-macos-arm64 | 1.8.9 | 6.00 | 33.00 | 39.00 | OK | |
r-oldrel-macos-x86_64 | 1.8.9 | 11.00 | 56.00 | 67.00 | OK | |
r-oldrel-windows-x86_64 | 1.8.9 | 26.00 | 142.00 | 168.00 | OK |
Version: 1.8.9
Check: HTML version of manual
Result: NOTE
Found the following HTML validation problems:
amv_dim.html:46:1 (amv_dim.Rd:10): Warning: missing </ul> before </div>
as.list.split.html:51:1 (as.list.split.Rd:12): Warning: missing </ul> before </div>
compact.html:46:1 (compact.Rd:10): Warning: missing </ul> before </div>
defaults.html:50:1 (defaults.Rd:12): Warning: missing </ul> before </div>
dims.html:46:1 (dims.Rd:10): Warning: missing </ul> before </div>
empty.html:46:1 (empty.Rd:10): Warning: missing </ul> before </div>
get-split.html:55:1 (get-split.Rd:14): Warning: missing </ul> before </div>
indexed_array.html:51:1 (indexed_array.Rd:15): Warning: missing </ul> before </div>
indexed_df.html:54:1 (indexed_df.Rd:14): Warning: missing </ul> before </div>
join.keys.html:56:1 (join.keys.Rd:15): Warning: missing </ul> before </div>
loop_apply.html:55:1 (loop_apply.Rd:14): Warning: missing </ul> before </div>
nunique.html:46:1 (nunique.Rd:10): Warning: missing </ul> before </div>
print.split.html:51:1 (print.split.Rd:12): Warning: missing </ul> before </div>
quickdf.html:48:1 (quickdf.Rd:10): Warning: missing </ul> before </div>
reduce_dim.html:46:1 (reduce_dim.Rd:10): Warning: missing </ul> before </div>
split_labels.html:50:1 (split_labels.Rd:12): Warning: missing </ul> before </div>
tryapply.html:56:1 (tryapply.Rd:15): Warning: missing </ul> before </div>
unrowname.html:46:1 (unrowname.Rd:10): Warning: missing </ul> before </div>
Flavors: r-devel-linux-x86_64-debian-clang, r-devel-linux-x86_64-debian-gcc