Last updated on 2025-10-22 09:50:45 CEST.
Flavor | Version | Tinstall | Tcheck | Ttotal | Status | Flags |
---|---|---|---|---|---|---|
r-devel-linux-x86_64-debian-clang | 0.2.0 | 4.60 | 95.52 | 100.12 | NOTE | |
r-devel-linux-x86_64-debian-gcc | 0.2.0 | 3.07 | 65.40 | 68.47 | NOTE | |
r-devel-linux-x86_64-fedora-clang | 0.2.0 | 12.00 | 143.01 | 155.01 | OK | |
r-devel-linux-x86_64-fedora-gcc | 0.2.0 | 163.52 | OK | |||
r-devel-windows-x86_64 | 0.2.0 | 8.00 | 100.00 | 108.00 | OK | |
r-patched-linux-x86_64 | 0.2.0 | 4.83 | 90.93 | 95.76 | OK | |
r-release-linux-x86_64 | 0.2.0 | 4.65 | 89.86 | 94.51 | OK | |
r-release-macos-arm64 | 0.2.0 | 2.00 | 46.00 | 48.00 | OK | |
r-release-macos-x86_64 | 0.2.0 | 4.00 | 94.00 | 98.00 | OK | |
r-release-windows-x86_64 | 0.2.0 | 7.00 | 103.00 | 110.00 | OK | |
r-oldrel-macos-arm64 | 0.2.0 | 2.00 | 44.00 | 46.00 | OK | |
r-oldrel-macos-x86_64 | 0.2.0 | 3.00 | 70.00 | 73.00 | OK | |
r-oldrel-windows-x86_64 | 0.2.0 | 9.00 | 128.00 | 137.00 | OK |
Version: 0.2.0
Check: HTML version of manual
Result: NOTE
Found the following HTML validation problems:
cbh.html:54:1 (cbh.Rd:14): Warning: missing </ul> before </div>
find_family.html:46:1 (find_family.Rd:10): Warning: missing </ul> before </div>
formula_setup.html:96:1 (formula_setup.Rd:44): Warning: missing </ul> before </div>
lasso_gam_loop.html:91:1 (lasso_gam_loop.Rd:39): Warning: missing </ul> before </div>
meandist.html:46:1 (meandist.Rd:10): Warning: missing </ul> before </div>
nzeros.html:46:1 (nzeros.Rd:10): Warning: missing </ul> before </div>
Flavors: r-devel-linux-x86_64-debian-clang, r-devel-linux-x86_64-debian-gcc