CRAN Package Check Results for Package plot3D

Last updated on 2025-07-28 10:51:26 CEST.

Flavor Version Tinstall Tcheck Ttotal Status Flags
r-devel-linux-x86_64-debian-clang 1.4.1 13.88 121.56 135.44 NOTE
r-devel-linux-x86_64-debian-gcc 1.4.2 10.80 92.21 103.01 OK
r-devel-linux-x86_64-fedora-clang 1.4.2 209.44 OK
r-devel-linux-x86_64-fedora-gcc 1.4.2 235.97 OK
r-devel-windows-x86_64 1.4.2 20.00 171.00 191.00 OK
r-patched-linux-x86_64 1.4.1 17.53 115.68 133.21 NOTE
r-release-linux-x86_64 1.4.2 15.66 116.20 131.86 OK
r-release-macos-arm64 1.4.2 91.00 OK
r-release-macos-x86_64 1.4.2 174.00 OK
r-release-windows-x86_64 1.4.2 17.00 167.00 184.00 OK
r-oldrel-macos-arm64 1.4.2 94.00 OK
r-oldrel-macos-x86_64 1.4.2 183.00 OK
r-oldrel-windows-x86_64 1.4.2 21.00 186.00 207.00 OK

Check Details

Version: 1.4.1
Check: CRAN incoming feasibility
Result: NOTE Maintainer: ‘Karline Soetaert <karline.soetaert@nioz.nl>’ No Authors@R field in DESCRIPTION. Please add one, modifying Authors@R: person(given = "Karline", family = "Soetaert", role = c("aut", "cre"), email = "karline.soetaert@nioz.nl") as necessary. Flavor: r-devel-linux-x86_64-debian-clang

Version: 1.4.1
Check: Rd cross-references
Result: NOTE Found the following Rd file(s) with Rd \link{} targets missing package anchors: slice3D.Rd: computeContour3d Please provide package anchors for all Rd \link{} targets not in the package itself and the base packages. Flavors: r-devel-linux-x86_64-debian-clang, r-patched-linux-x86_64