Last updated on 2025-11-22 09:50:01 CET.
| Flavor | Version | Tinstall | Tcheck | Ttotal | Status | Flags |
|---|---|---|---|---|---|---|
| r-devel-linux-x86_64-debian-clang | 0.4-5 | 2.93 | 36.30 | 39.23 | NOTE | |
| r-devel-linux-x86_64-debian-gcc | 0.4-5 | 2.48 | 28.99 | 31.47 | NOTE | |
| r-devel-linux-x86_64-fedora-clang | 0.4-5 | 60.93 | OK | |||
| r-devel-linux-x86_64-fedora-gcc | 0.4-5 | 71.57 | OK | |||
| r-devel-windows-x86_64 | 0.4-5 | 6.00 | 56.00 | 62.00 | OK | |
| r-patched-linux-x86_64 | 0.4-5 | 3.36 | 33.81 | 37.17 | OK | |
| r-release-linux-x86_64 | 0.4-5 | 3.16 | 34.05 | 37.21 | OK | |
| r-release-macos-arm64 | 0.4-5 | OK | ||||
| r-release-macos-x86_64 | 0.4-5 | 3.00 | 44.00 | 47.00 | OK | |
| r-release-windows-x86_64 | 0.4-5 | 4.00 | 55.00 | 59.00 | OK | |
| r-oldrel-macos-arm64 | 0.4-5 | OK | ||||
| r-oldrel-macos-x86_64 | 0.4-5 | 2.00 | 37.00 | 39.00 | OK | |
| r-oldrel-windows-x86_64 | 0.4-5 | 4.00 | 63.00 | 67.00 | OK |
Version: 0.4-5
Check: CRAN incoming feasibility
Result: NOTE
Maintainer: ‘Dan Kelley <Dan.Kelley@Dal.Ca>’
No Authors@R field in DESCRIPTION.
Please add one, modifying
Authors@R: c(person(given = "Dan",
family = "Kelley",
role = c("aut", "cre"),
email = "Dan.Kelley@Dal.Ca"),
person(given = "Frank",
family = "Schmitt",
role = "aut",
email = "frankschmitt@gmx.de"))
as necessary.
Flavors: r-devel-linux-x86_64-debian-clang, r-devel-linux-x86_64-debian-gcc