Last updated on 2025-11-25 11:51:58 CET.
| Flavor | Version | Tinstall | Tcheck | Ttotal | Status | Flags |
|---|---|---|---|---|---|---|
| r-devel-linux-x86_64-debian-clang | 2.2.0 | 10.03 | 327.59 | 337.62 | OK | |
| r-devel-linux-x86_64-debian-gcc | 2.2.0 | 6.12 | 240.88 | 247.00 | OK | |
| r-devel-linux-x86_64-fedora-clang | 2.2.0 | 42.00 | 522.11 | 564.11 | OK | |
| r-devel-linux-x86_64-fedora-gcc | 2.2.0 | 20.00 | 505.22 | 525.22 | OK | |
| r-devel-windows-x86_64 | 2.2.0 | 17.00 | 217.00 | 234.00 | OK | |
| r-patched-linux-x86_64 | 2.2.0 | 10.87 | 315.07 | 325.94 | OK | |
| r-release-linux-x86_64 | 2.2.0 | 9.74 | 317.08 | 326.82 | OK | |
| r-release-macos-arm64 | 2.2.0 | OK | ||||
| r-release-macos-x86_64 | 2.2.0 | 10.00 | 204.00 | 214.00 | OK | |
| r-release-windows-x86_64 | 2.2.0 | 15.00 | 238.00 | 253.00 | OK | |
| r-oldrel-macos-arm64 | 2.2.0 | OK | ||||
| r-oldrel-macos-x86_64 | 2.2.0 | 9.00 | 209.00 | 218.00 | OK | |
| r-oldrel-windows-x86_64 | 2.2.0 | 20.00 | 248.00 | 268.00 | ERROR |
Version: 2.2.0
Check: tests
Result: ERROR
Running 'testthat.R' [101s]
Running the tests in 'tests/testthat.R' failed.
Complete output:
> # This file is part of the standard setup for testthat.
> # It is recommended that you do not modify it.
> #
> # Where should you do additional test configuration?
> # Learn more about the roles of various files in:
> # * https://r-pkgs.org/testing-design.html#sec-tests-files-overview
> # * https://testthat.r-lib.org/articles/special-files.html
>
> library(testthat)
> library(pkgdown)
>
> test_check("pkgdown")
Starting 2 test processes.
> test-build-quarto-articles.R:
Error:
! testthat subprocess exited in file 'test-build-quarto-articles.R'.
Caused by error:
! R session crashed with exit code -1073741819
Backtrace:
▆
1. └─testthat::test_check("pkgdown")
2. └─testthat::test_dir(...)
3. └─testthat:::test_files(...)
4. └─testthat:::test_files_parallel(...)
5. ├─withr::with_dir(...)
6. │ └─base::force(code)
7. ├─testthat::with_reporter(...)
8. │ └─base::tryCatch(...)
9. │ └─base (local) tryCatchList(expr, classes, parentenv, handlers)
10. │ └─base (local) tryCatchOne(expr, names, parentenv, handlers[[1L]])
11. │ └─base (local) doTryCatch(return(expr), name, parentenv, handler)
12. └─testthat:::parallel_event_loop_chunky(queue, reporters, ".")
13. └─queue$poll(Inf)
14. └─base::lapply(...)
15. └─testthat (local) FUN(X[[i]], ...)
16. └─private$handle_error(msg, i)
17. └─cli::cli_abort(...)
18. └─rlang::abort(...)
Execution halted
Flavor: r-oldrel-windows-x86_64