CRAN Package Check Results for Package pivotea

Last updated on 2025-11-22 09:50:01 CET.

Flavor Version Tinstall Tcheck Ttotal Status Flags
r-devel-linux-x86_64-debian-clang 1.0.2 2.46 68.04 70.50 NOTE
r-devel-linux-x86_64-debian-gcc 1.0.2 1.71 49.15 50.86 NOTE
r-devel-linux-x86_64-fedora-clang 1.0.2 105.12 NOTE
r-devel-linux-x86_64-fedora-gcc 1.0.2 114.02 NOTE
r-devel-windows-x86_64 1.0.2 6.00 77.00 83.00 NOTE
r-patched-linux-x86_64 1.0.2 2.38 63.09 65.47 NOTE
r-release-linux-x86_64 1.0.2 2.51 63.24 65.75 NOTE
r-release-macos-arm64 1.0.2 NOTE
r-release-macos-x86_64 1.0.2 2.00 74.00 76.00 NOTE
r-release-windows-x86_64 1.0.2 6.00 76.00 82.00 NOTE
r-oldrel-macos-arm64 1.0.2 OK
r-oldrel-macos-x86_64 1.0.2 2.00 96.00 98.00 OK
r-oldrel-windows-x86_64 1.0.2 5.00 96.00 101.00 OK

Check Details

Version: 1.0.2
Check: DESCRIPTION meta-information
Result: NOTE Missing dependency on R >= 4.1.0 because package code uses the pipe |> or function shorthand \(...) syntax added in R 4.1.0. File(s) using such syntax: ‘extract_col.Rd’ ‘na2empty.Rd’ ‘omit_na_cols.Rd’ ‘omit_na_rows.Rd’ ‘pivot.R’ ‘pivot.Rd’ ‘utils.R’ ‘validate_col.Rd’ Flavors: r-devel-linux-x86_64-debian-clang, r-devel-linux-x86_64-debian-gcc, r-devel-linux-x86_64-fedora-clang, r-devel-linux-x86_64-fedora-gcc, r-devel-windows-x86_64, r-patched-linux-x86_64, r-release-linux-x86_64, r-release-macos-arm64, r-release-windows-x86_64

Version: 1.0.2
Check: DESCRIPTION meta-information
Result: NOTE Missing dependency on R >= 4.1.0 because package code uses the pipe |> or function shorthand \(...) syntax added in R 4.1.0. File(s) using such syntax: ‘pivot.R’ ‘utils.R’ Flavor: r-release-macos-x86_64