Last updated on 2025-10-22 09:50:45 CEST.
Flavor | Version | Tinstall | Tcheck | Ttotal | Status | Flags |
---|---|---|---|---|---|---|
r-devel-linux-x86_64-debian-clang | 1.3.1 | 3.61 | 103.91 | 107.52 | NOTE | |
r-devel-linux-x86_64-debian-gcc | 1.3.1 | 2.64 | 74.43 | 77.07 | NOTE | |
r-devel-linux-x86_64-fedora-clang | 1.3.1 | 151.23 | OK | |||
r-devel-linux-x86_64-fedora-gcc | 1.3.1 | 161.24 | OK | |||
r-devel-windows-x86_64 | 1.3.1 | 6.00 | 95.00 | 101.00 | OK | |
r-patched-linux-x86_64 | 1.3.1 | 4.18 | 98.99 | 103.17 | OK | |
r-release-linux-x86_64 | 1.3.1 | 3.85 | 100.33 | 104.18 | OK | |
r-release-macos-arm64 | 1.3.1 | 2.00 | 41.00 | 43.00 | OK | |
r-release-macos-x86_64 | 1.3.1 | 4.00 | 107.00 | 111.00 | OK | |
r-release-windows-x86_64 | 1.3.1 | 6.00 | 98.00 | 104.00 | OK | |
r-oldrel-macos-arm64 | 1.3.1 | 2.00 | 48.00 | 50.00 | OK | |
r-oldrel-macos-x86_64 | 1.3.1 | 5.00 | 99.00 | 104.00 | OK | |
r-oldrel-windows-x86_64 | 1.3.1 | 8.00 | 120.00 | 128.00 | OK |
Version: 1.3.1
Check: HTML version of manual
Result: NOTE
Found the following HTML validation problems:
show_warnings.html:48:1 (show_warnings.Rd:10): Warning: missing </ul> before </div>
Flavors: r-devel-linux-x86_64-debian-clang, r-devel-linux-x86_64-debian-gcc