Last updated on 2025-11-04 10:53:38 CET.
| Flavor | Version | Tinstall | Tcheck | Ttotal | Status | Flags | 
|---|---|---|---|---|---|---|
| r-devel-linux-x86_64-debian-clang | 0.0.1 | 2.28 | 24.21 | 26.49 | NOTE | |
| r-devel-linux-x86_64-debian-gcc | 0.0.1 | 1.58 | 19.79 | 21.37 | NOTE | |
| r-devel-linux-x86_64-fedora-clang | 0.0.1 | 38.97 | OK | |||
| r-devel-linux-x86_64-fedora-gcc | 0.0.1 | 35.14 | OK | |||
| r-devel-windows-x86_64 | 0.0.1 | 4.00 | 48.00 | 52.00 | OK | |
| r-patched-linux-x86_64 | 0.0.1 | 2.38 | 22.97 | 25.35 | OK | |
| r-release-linux-x86_64 | 0.0.1 | 2.20 | 22.91 | 25.11 | OK | |
| r-release-macos-arm64 | 0.0.1 | 1.00 | 16.00 | 17.00 | OK | |
| r-release-macos-x86_64 | 0.0.1 | 3.00 | 37.00 | 40.00 | OK | |
| r-release-windows-x86_64 | 0.0.1 | 3.00 | 48.00 | 51.00 | OK | |
| r-oldrel-macos-arm64 | 0.0.1 | 1.00 | 16.00 | 17.00 | OK | |
| r-oldrel-macos-x86_64 | 0.0.1 | 3.00 | 27.00 | 30.00 | OK | |
| r-oldrel-windows-x86_64 | 0.0.1 | 6.00 | 51.00 | 57.00 | OK | 
Version: 0.0.1
Check: CRAN incoming feasibility
Result: NOTE
  Maintainer: ‘Xia Hua <xia.hua@anu.edu.au>’
  
  No Authors@R field in DESCRIPTION.
  Please add one, modifying
    Authors@R: c(person(given = "Xia",
                        family = "Hua",
                        role = c("aut", "cre"),
                        email = "xia.hua@anu.edu.au"),
                 person(given = "Lindell",
                        family = "Bromham",
                        role = "aut",
                        email = "lindell.bromham@anu.edu.au"))
  as necessary.
Flavors: r-devel-linux-x86_64-debian-clang, r-devel-linux-x86_64-debian-gcc