Last updated on 2025-10-22 09:50:44 CEST.
Flavor | Version | Tinstall | Tcheck | Ttotal | Status | Flags |
---|---|---|---|---|---|---|
r-devel-linux-x86_64-debian-clang | 0.4.0 | 2.47 | 74.49 | 76.96 | OK | |
r-devel-linux-x86_64-debian-gcc | 0.4.0 | 1.65 | 56.70 | 58.35 | OK | |
r-devel-linux-x86_64-fedora-clang | 0.4.0 | 108.02 | OK | |||
r-devel-linux-x86_64-fedora-gcc | 0.4.0 | 123.42 | OK | |||
r-devel-windows-x86_64 | 0.4.0 | 4.00 | 84.00 | 88.00 | OK | |
r-patched-linux-x86_64 | 0.4.0 | 2.33 | 71.06 | 73.39 | OK | |
r-release-linux-x86_64 | 0.4.0 | 1.92 | 70.60 | 72.52 | OK | |
r-release-macos-arm64 | 0.4.0 | 1.00 | 40.00 | 41.00 | OK | |
r-release-macos-x86_64 | 0.4.0 | 2.00 | 68.00 | 70.00 | OK | |
r-release-windows-x86_64 | 0.4.0 | 5.00 | 81.00 | 86.00 | OK | |
r-oldrel-macos-arm64 | 0.4.0 | 1.00 | 36.00 | 37.00 | NOTE | |
r-oldrel-macos-x86_64 | 0.4.0 | 2.00 | 59.00 | 61.00 | NOTE | |
r-oldrel-windows-x86_64 | 0.4.0 | 5.00 | 100.00 | 105.00 | NOTE |
Version: 0.4.0
Check: LazyData
Result: NOTE
'LazyData' is specified without a 'data' directory
Flavors: r-oldrel-macos-arm64, r-oldrel-macos-x86_64, r-oldrel-windows-x86_64