Last updated on 2025-11-15 11:50:52 CET.
| Flavor | Version | Tinstall | Tcheck | Ttotal | Status | Flags |
|---|---|---|---|---|---|---|
| r-devel-linux-x86_64-debian-clang | 4.4.1 | 57.15 | 58.40 | 115.55 | OK | |
| r-devel-linux-x86_64-debian-gcc | 4.4.1 | 39.18 | 44.70 | 83.88 | OK | |
| r-devel-linux-x86_64-fedora-clang | 4.4.1 | 134.00 | 70.30 | 204.30 | OK | |
| r-devel-linux-x86_64-fedora-gcc | 4.4.1 | 122.00 | 61.43 | 183.43 | OK | |
| r-devel-windows-x86_64 | 4.4.1 | 117.00 | 88.00 | 205.00 | OK | |
| r-patched-linux-x86_64 | 4.4.1 | 58.61 | 56.32 | 114.93 | OK | |
| r-release-linux-x86_64 | 4.4.1 | 60.99 | 56.07 | 117.06 | OK | |
| r-release-macos-arm64 | 4.4.1 | 23.00 | 26.00 | 49.00 | OK | |
| r-release-macos-x86_64 | 4.4.1 | 23.00 | 42.00 | 65.00 | OK | |
| r-release-windows-x86_64 | 4.4.1 | 105.00 | 89.00 | 194.00 | OK | |
| r-oldrel-macos-arm64 | 4.4.1 | 22.00 | 32.00 | 54.00 | NOTE | |
| r-oldrel-macos-x86_64 | 4.4.1 | 22.00 | 49.00 | 71.00 | NOTE | |
| r-oldrel-windows-x86_64 | 4.4.1 | 121.00 | 111.00 | 232.00 | OK |
Version: 4.4.1
Check: installed package size
Result: NOTE
installed size is 6.4Mb
sub-directories of 1Mb or more:
extdata 2.7Mb
libs 3.0Mb
Flavors: r-oldrel-macos-arm64, r-oldrel-macos-x86_64