Last updated on 2025-10-21 09:48:40 CEST.
Flavor | Version | Tinstall | Tcheck | Ttotal | Status | Flags |
---|---|---|---|---|---|---|
r-devel-linux-x86_64-debian-clang | 1.0.1 | 4.51 | 38.71 | 43.22 | OK | |
r-devel-linux-x86_64-debian-gcc | 1.0.1 | 3.50 | 30.98 | 34.48 | NOTE | |
r-devel-linux-x86_64-fedora-clang | 1.0.1 | 64.75 | OK | |||
r-devel-linux-x86_64-fedora-gcc | 1.0.1 | 73.65 | OK | |||
r-devel-windows-x86_64 | 1.0.1 | 6.00 | 58.00 | 64.00 | OK | |
r-patched-linux-x86_64 | 1.0.1 | 4.13 | 36.60 | 40.73 | OK | |
r-release-linux-x86_64 | 1.0.1 | 3.96 | 36.74 | 40.70 | OK | |
r-release-macos-arm64 | 1.0.1 | 29.00 | OK | |||
r-release-macos-x86_64 | 1.0.1 | 54.00 | OK | |||
r-release-windows-x86_64 | 1.0.1 | 6.00 | 58.00 | 64.00 | OK | |
r-oldrel-macos-arm64 | 1.0.1 | 34.00 | OK | |||
r-oldrel-macos-x86_64 | 1.0.1 | 54.00 | OK | |||
r-oldrel-windows-x86_64 | 1.0.1 | 8.00 | 67.00 | 75.00 | OK |
Version: 1.0.1
Check: HTML version of manual
Result: NOTE
Found the following HTML validation problems:
Particle.html:144:1 (Particle.Rd:111): Warning: <h5> anchor "Usage" already defined
Particle.html:150:1 (Particle.Rd:115): Warning: <h5> anchor "Returns" already defined
Particle.html:167:1 (Particle.Rd:124): Warning: <h5> anchor "Usage" already defined
Particle.html:173:1 (Particle.Rd:128): Warning: <h5> anchor "Arguments" already defined
Particle.html:186:1 (Particle.Rd:135): Warning: <h5> anchor "Returns" already defined
Particle.html:203:1 (Particle.Rd:144): Warning: <h5> anchor "Usage" already defined
Particle.html:209:1 (Particle.Rd:148): Warning: <h5> anchor "Returns" already defined
Particle.html:226:1 (Particle.Rd:157): Warning: <h5> anchor "Usage" already defined
Particle.html:242:1 (Particle.Rd:167): Warning: <h5> anchor "Usage" already defined
Particle.html:248:1 (Particle.Rd:171): Warning: <h5> anchor "Arguments" already defined
ParticleSwarm.html:179:1 (ParticleSwarm.Rd:169): Warning: <h5> anchor "Usage" already defined
ParticleSwarm.html:190:1 (ParticleSwarm.Rd:178): Warning: <h5> anchor "Arguments" already defined
ParticleSwarm.html:209:1 (ParticleSwarm.Rd:191): Warning: <h5> anchor "Returns" already defined
ParticleSwarm.html:216:1 (ParticleSwarm.Rd:194): Warning: <h5> anchor "Examples" already defined
ParticleSwarm.html:248:1 (ParticleSwarm.Rd:221): Warning: <h5> anchor "Usage" already defined
ParticleSwarm.html:254:1 (ParticleSwarm.Rd:225): Warning: <h5> anchor "Arguments" already defined
ParticleSwarm.html:267:1 (ParticleSwarm.Rd:232): Warning: <h5> anchor "Returns" already defined
ParticleSwarm.html:284:1 (ParticleSwarm.Rd:241): Warning: <h5> anchor "Usage" already defined
ParticleSwarm.html:290:1 (ParticleSwarm.Rd:245): Warning: <h5> anchor "Arguments" already defined
ParticleSwarm.html:303:1 (ParticleSwarm.Rd:252): Warning: <h5> anchor "Returns" already defined
ParticleSwarm.html:320:1 (ParticleSwarm.Rd:261): Warning: <h5> anchor "Usage" already defined
ParticleSwarm.html:326:1 (ParticleSwarm.Rd:265): Warning: <h5> anchor "Arguments" already defined
ParticleSwarm.html:341:1 (ParticleSwarm.Rd:274): Warning: <h5> anchor "Returns" already defined
ParticleSwarm.html:358:1 (ParticleSwarm.Rd:283): Warning: <h5> anchor "Usage" already defined
ParticleSwarm.html:364:1 (ParticleSwarm.Rd:287): Warning: <h5> anchor "Arguments" already defined
ParticleSwarm.html:379:1 (ParticleSwarm.Rd:296): Warning: <h5> anchor "Returns" already defined
ParticleSwarm.html:396:1 (ParticleSwarm.Rd:305): Warning: <h5> anchor "Usage" already defined
ParticleSwarm.html:402:1 (ParticleSwarm.Rd:309): Warning: <h5> anchor "Arguments" already defined
ParticleSwarm.html:417:1 (ParticleSwarm.Rd:318): Warning: <h5> anchor "Returns" already defined
ParticleSwarm.html:434:1 (ParticleSwarm.Rd:327): Warning: <h5> anchor "Usage" already defined
ParticleSwarm.html:450:1 (ParticleSwarm.Rd:337): Warning: <h5> anchor "Usage" already defined
ParticleSwarm.html:456:1 (ParticleSwarm.Rd:341): Warning: <h5> anchor "Arguments" already defined
Flavor: r-devel-linux-x86_64-debian-gcc