Last updated on 2025-10-30 09:49:57 CET.
| Flavor | Version | Tinstall | Tcheck | Ttotal | Status | Flags | 
|---|---|---|---|---|---|---|
| r-devel-linux-x86_64-debian-clang | 0.1.2.1 | 3.42 | 72.99 | 76.41 | NOTE | |
| r-devel-linux-x86_64-debian-gcc | 0.1.2.1 | 2.60 | 53.32 | 55.92 | NOTE | |
| r-devel-linux-x86_64-fedora-clang | 0.1.2.1 | 115.15 | NOTE | |||
| r-devel-linux-x86_64-fedora-gcc | 0.1.2.1 | 134.50 | NOTE | |||
| r-devel-windows-x86_64 | 0.1.2.1 | 6.00 | 90.00 | 96.00 | NOTE | |
| r-patched-linux-x86_64 | 0.1.2.1 | 3.47 | 67.94 | 71.41 | NOTE | |
| r-release-linux-x86_64 | 0.1.2.1 | 3.54 | 68.70 | 72.24 | NOTE | |
| r-release-macos-arm64 | 0.1.2.1 | 2.00 | 44.00 | 46.00 | NOTE | |
| r-release-macos-x86_64 | 0.1.2.1 | 3.00 | 82.00 | 85.00 | NOTE | |
| r-release-windows-x86_64 | 0.1.2.1 | 7.00 | 90.00 | 97.00 | NOTE | |
| r-oldrel-macos-arm64 | 0.1.2.1 | 2.00 | 39.00 | 41.00 | NOTE | |
| r-oldrel-macos-x86_64 | 0.1.2.1 | 3.00 | 64.00 | 67.00 | NOTE | |
| r-oldrel-windows-x86_64 | 0.1.2.1 | 7.00 | 105.00 | 112.00 | NOTE | 
Version: 0.1.2.1
Check: DESCRIPTION meta-information
Result: NOTE
    Missing dependency on R >= 4.1.0 because package code uses the pipe
    |> or function shorthand \(...) syntax added in R 4.1.0.
    File(s) using such syntax:
      ‘add_panels.R’ ‘clean_raw.Rd’ ‘create_means.R’ ‘helper_functions.R’
      ‘panelsummary.R’ ‘panelsummary_raw.R’
Flavors: r-devel-linux-x86_64-debian-clang, r-devel-linux-x86_64-debian-gcc, r-devel-linux-x86_64-fedora-clang, r-devel-linux-x86_64-fedora-gcc, r-devel-windows-x86_64, r-patched-linux-x86_64, r-release-linux-x86_64, r-release-macos-arm64, r-release-macos-x86_64, r-release-windows-x86_64
Version: 0.1.2.1
Check: Rd files
Result: NOTE
  checkRd: (-1) panelsummary.Rd:112: Lost braces; missing escapes or markup?
     112 | \item `"{exp(estimate) * std.error}"
         |         ^
  checkRd: (-1) panelsummary_raw.Rd:90: Lost braces; missing escapes or markup?
      90 | \item `"{exp(estimate) * std.error}"
         |         ^
Flavors: r-devel-linux-x86_64-debian-clang, r-devel-linux-x86_64-debian-gcc, r-devel-linux-x86_64-fedora-clang, r-devel-linux-x86_64-fedora-gcc, r-devel-windows-x86_64, r-patched-linux-x86_64, r-release-linux-x86_64, r-release-macos-arm64, r-release-macos-x86_64, r-release-windows-x86_64, r-oldrel-macos-arm64, r-oldrel-macos-x86_64, r-oldrel-windows-x86_64