Last updated on 2025-10-22 09:50:44 CEST.
Flavor | Version | Tinstall | Tcheck | Ttotal | Status | Flags |
---|---|---|---|---|---|---|
r-devel-linux-x86_64-debian-clang | 0.6.6 | 20.99 | 86.77 | 107.76 | NOTE | |
r-devel-linux-x86_64-debian-gcc | 0.6.6 | 15.37 | 61.78 | 77.15 | NOTE | |
r-devel-linux-x86_64-fedora-clang | 0.6.6 | 99.00 | 81.07 | 180.07 | OK | |
r-devel-linux-x86_64-fedora-gcc | 0.6.6 | 55.00 | 117.53 | 172.53 | OK | |
r-devel-windows-x86_64 | 0.6.6 | 28.00 | 126.00 | 154.00 | OK | |
r-patched-linux-x86_64 | 0.6.6 | 20.40 | 78.42 | 98.82 | OK | |
r-release-linux-x86_64 | 0.6.6 | 20.41 | 78.65 | 99.06 | OK | |
r-release-macos-arm64 | 0.6.6 | 9.00 | 48.00 | 57.00 | OK | |
r-release-macos-x86_64 | 0.6.6 | 14.00 | 92.00 | 106.00 | OK | |
r-release-windows-x86_64 | 0.6.6 | 27.00 | 129.00 | 156.00 | OK | |
r-oldrel-macos-arm64 | 0.6.6 | 9.00 | 87.00 | 96.00 | OK | |
r-oldrel-macos-x86_64 | 0.6.6 | 16.00 | 165.00 | 181.00 | OK | |
r-oldrel-windows-x86_64 | 0.6.6 | 31.00 | 158.00 | 189.00 | OK |
Version: 0.6.6
Check: HTML version of manual
Result: NOTE
Found the following HTML validation problems:
add.blank.lines.html:46:1 (add.blank.lines.Rd:10): Warning: missing </ul> before </div>
get.storage.html:46:1 (get.storage.Rd:10): Warning: missing </ul> before </div>
pander.Arima.html:59:1 (pander.Arima.Rd:16): Warning: missing </ul> before </div>
pander.CrossTable.html:74:1 (pander.CrossTable.Rd:27): Warning: missing </ul> before </div>
pander.Date.html:51:1 (pander.Date.Rd:12): Warning: missing </ul> before </div>
pander.NULL.html:51:1 (pander.NULL.Rd:12): Warning: missing </ul> before </div>
pander.POSIXct.html:51:1 (pander.POSIXct.Rd:12): Warning: missing </ul> before </div>
pander.POSIXlt.html:51:1 (pander.POSIXlt.Rd:12): Warning: missing </ul> before </div>
pander.anova.html:59:1 (pander.anova.Rd:16): Warning: missing </ul> before </div>
pander.aov.html:55:1 (pander.aov.Rd:14): Warning: missing </ul> before </div>
pander.aovlist.html:55:1 (pander.aovlist.Rd:14): Warning: missing </ul> before </div>
pander.call.html:51:1 (pander.call.Rd:12): Warning: missing </ul> before </div>
pander.cast_df.html:55:1 (pander.cast_df.Rd:14): Warning: missing </ul> before </div>
pander.character.html:51:1 (pander.character.Rd:12): Warning: missing </ul> before </div>
pander.clogit.html:55:1 (pander.clogit.Rd:14): Warning: missing </ul> before </div>
pander.coxph.html:55:1 (pander.coxph.Rd:14): Warning: missing </ul> before </div>
pander.cph.html:63:1 (pander.cph.Rd:18): Warning: missing </ul> before </div>
pander.data.frame.html:55:1 (pander.data.frame.Rd:14): Warning: missing </ul> before </div>
pander.data.table.html:59:1 (pander.data.table.Rd:16): Warning: missing </ul> before </div>
pander.default.html:51:1 (pander.default.Rd:12): Warning: missing </ul> before </div>
pander.density.html:55:1 (pander.density.Rd:14): Warning: missing </ul> before </div>
pander.describe.html:59:1 (pander.describe.Rd:16): Warning: missing </ul> before </div>
pander.ets.html:55:1 (pander.ets.Rd:14): Warning: missing </ul> before </div>
pander.evals.html:51:1 (pander.evals.Rd:12): Warning: missing </ul> before </div>
pander.factor.html:51:1 (pander.factor.Rd:12): Warning: missing </ul> before </div>
pander.formula.html:59:1 (pander.formula.Rd:16): Warning: missing </ul> before </div>
pander.ftable.html:51:1 (pander.ftable.Rd:12): Warning: missing </ul> before </div>
pander.function.html:63:1 (pander.function.Rd:18): Warning: missing </ul> before </div>
pander.glm.html:55:1 (pander.glm.Rd:14): Warning: missing </ul> before </div>
pander.glm.rms.html:55:1 (pander.glm.rms.Rd:14): Warning: missing </ul> before </div>
pander.gtable.html:55:1 (pander.gtable.Rd:14): Warning: missing </ul> before </div>
pander.htest.html:55:1 (pander.htest.Rd:14): Warning: missing </ul> before </div>
pander.image.html:59:1 (pander.image.Rd:16): Warning: missing </ul> before </div>
pander.irts.html:59:1 (pander.irts.Rd:16): Warning: missing </ul> before </div>
pander.list.html:51:1 (pander.list.Rd:12): Warning: missing </ul> before </div>
pander.lm.html:63:1 (pander.lm.Rd:18): Warning: missing </ul> before </div>
pander.lme.html:55:1 (pander.lme.Rd:14): Warning: missing </ul> before </div>
pander.logical.html:51:1 (pander.logical.Rd:12): Warning: missing </ul> before </div>
pander.lrm.html:55:1 (pander.lrm.Rd:14): Warning: missing </ul> before </div>
pander.manova.html:59:1 (pander.manova.Rd:16): Warning: missing </ul> before </div>
pander.matrix.html:55:1 (pander.matrix.Rd:14): Warning: missing </ul> before </div>
pander.microbenchmark.html:63:1 (pander.microbenchmark.Rd:18): Warning: missing </ul> before </div>
pander.name.html:51:1 (pander.name.Rd:12): Warning: missing </ul> before </div>
pander.nls.html:59:1 (pander.nls.Rd:16): Warning: missing </ul> before </div>
pander.numeric.html:51:1 (pander.numeric.Rd:12): Warning: missing </ul> before </div>
pander.ols.html:74:1 (pander.ols.Rd:27): Warning: missing </ul> before </div>
pander.orm.html:59:1 (pander.orm.Rd:16): Warning: missing </ul> before </div>
pander.polr.html:51:1 (pander.polr.Rd:12): Warning: missing </ul> before </div>
pander.prcomp.html:55:1 (pander.prcomp.Rd:14): Warning: missing </ul> before </div>
pander.randomForest.html:55:1 (pander.randomForest.Rd:14): Warning: missing </ul> before </div>
pander.rapport.html:51:1 (pander.rapport.Rd:12): Warning: missing </ul> before </div>
pander.rlm.html:55:1 (pander.rlm.Rd:14): Warning: missing </ul> before </div>
pander.sessionInfo.html:59:1 (pander.sessionInfo.Rd:16): Warning: missing </ul> before </div>
pander.smooth.spline.html:51:1 (pander.smooth.spline.Rd:12): Warning: missing </ul> before </div>
pander.stat.table.html:55:1 (pander.stat.table.Rd:14): Warning: missing </ul> before </div>
pander.summary.aov.html:55:1 (pander.summary.aov.Rd:14): Warning: missing </ul> before </div>
pander.summary.aovlist.html:55:1 (pander.summary.aovlist.Rd:14): Warning: missing </ul> before </div>
pander.summary.lme.html:59:1 (pander.summary.lme.Rd:16): Warning: missing </ul> before </div>
pander.summary.manova.html:59:1 (pander.summary.manova.Rd:16): Warning: missing </ul> before </div>
pander.summary.nls.html:74:1 (pander.summary.nls.Rd:27): Warning: missing </ul> before </div>
pander.summary.polr.html:69:1 (pander.summary.polr.Rd:24): Warning: missing </ul> before </div>
pander.summary.prcomp.html:59:1 (pander.summary.prcomp.Rd:16): Warning: missing </ul> before </div>
pander.summary.rms.html:51:1 (pander.summary.rms.Rd:12): Warning: missing </ul> before </div>
pander.summary.survreg.html:74:1 (pander.summary.survreg.Rd:27): Warning: missing </ul> before </div>
pander.summary.table.html:59:1 (pander.summary.table.Rd:16): Warning: missing </ul> before </div>
pander.survdiff.html:55:1 (pander.survdiff.Rd:14): Warning: missing </ul> before </div>
pander.survfit.html:70:1 (pander.survfit.Rd:25): Warning: missing </ul> before </div>
pander.survreg.html:51:1 (pander.survreg.Rd:12): Warning: missing </ul> before </div>
pander.table.html:55:1 (pander.table.Rd:14): Warning: missing </ul> before </div>
pander.tabular.html:69:1 (pander.tabular.Rd:24): Warning: missing </ul> before </div>
pander.ts.html:55:1 (pander.ts.Rd:14): Warning: missing </ul> before </div>
pander.vector.html:51:1 (pander.vector.Rd:12): Warning: missing </ul> before </div>
pander.zoo.html:55:1 (pander.zoo.Rd:14): Warning: missing </ul> before </div>
set.alignment.html:58:1 (set.alignment.Rd:18): Warning: missing </ul> before </div>
set.caption.html:50:1 (set.caption.Rd:12): Warning: missing </ul> before </div>
Flavors: r-devel-linux-x86_64-debian-clang, r-devel-linux-x86_64-debian-gcc