Last updated on 2025-10-30 09:49:57 CET.
| Flavor | Version | Tinstall | Tcheck | Ttotal | Status | Flags | 
|---|---|---|---|---|---|---|
| r-devel-linux-x86_64-debian-clang | 0.1.4 | 2.38 | 33.76 | 36.14 | NOTE | |
| r-devel-linux-x86_64-debian-gcc | 0.1.4 | 1.80 | 25.02 | 26.82 | NOTE | |
| r-devel-linux-x86_64-fedora-clang | 0.1.4 | 55.23 | OK | |||
| r-devel-linux-x86_64-fedora-gcc | 0.1.4 | 53.11 | OK | |||
| r-devel-windows-x86_64 | 0.1.4 | 4.00 | 50.00 | 54.00 | OK | |
| r-patched-linux-x86_64 | 0.1.4 | 2.30 | 31.76 | 34.06 | OK | |
| r-release-linux-x86_64 | 0.1.4 | 2.39 | 31.94 | 34.33 | OK | |
| r-release-macos-arm64 | 0.1.4 | 1.00 | 19.00 | 20.00 | OK | |
| r-release-macos-x86_64 | 0.1.4 | 2.00 | 32.00 | 34.00 | OK | |
| r-release-windows-x86_64 | 0.1.4 | 3.00 | 51.00 | 54.00 | OK | |
| r-oldrel-macos-arm64 | 0.1.4 | 1.00 | 18.00 | 19.00 | NOTE | |
| r-oldrel-macos-x86_64 | 0.1.4 | 2.00 | 23.00 | 25.00 | NOTE | |
| r-oldrel-windows-x86_64 | 0.1.4 | 4.00 | 62.00 | 66.00 | NOTE | 
Version: 0.1.4
Check: CRAN incoming feasibility
Result: NOTE
  Maintainer: ‘Tim Lucas <timcdlucas@gmail.com>’
  
  No Authors@R field in DESCRIPTION.
  Please add one, modifying
    Authors@R: c(person(given = "Tim",
                        family = "Lucas",
                        role = c("aut", "cre"),
                        email = "timcdlucas@gmail.com"),
                 person(given = "Anjali",
                        family = "Goswami",
                        role = "aut"))
  as necessary.
Flavors: r-devel-linux-x86_64-debian-clang, r-devel-linux-x86_64-debian-gcc
Version: 0.1.4
Check: LazyData
Result: NOTE
    'LazyData' is specified without a 'data' directory
Flavors: r-oldrel-macos-arm64, r-oldrel-macos-x86_64, r-oldrel-windows-x86_64