Last updated on 2025-10-02 10:49:27 CEST.
Flavor | Version | Tinstall | Tcheck | Ttotal | Status | Flags |
---|---|---|---|---|---|---|
r-devel-linux-x86_64-debian-clang | 1.0-28 | 12.89 | 97.38 | 110.27 | NOTE | |
r-devel-linux-x86_64-debian-gcc | 1.0-28 | 10.92 | 80.49 | 91.41 | NOTE | |
r-devel-linux-x86_64-fedora-clang | 1.0-28 | 182.93 | OK | |||
r-devel-linux-x86_64-fedora-gcc | 1.0-28 | 160.62 | OK | |||
r-devel-windows-x86_64 | 1.0-28 | 14.00 | 100.00 | 114.00 | OK | |
r-patched-linux-x86_64 | 1.0-28 | 13.00 | 90.74 | 103.74 | OK | |
r-release-linux-x86_64 | 1.0-28 | 13.50 | 92.12 | 105.62 | OK | |
r-release-macos-arm64 | 1.0-28 | 68.00 | OK | |||
r-release-macos-x86_64 | 1.0-28 | 91.00 | OK | |||
r-release-windows-x86_64 | 1.0-28 | 14.00 | 103.00 | 117.00 | OK | |
r-oldrel-macos-arm64 | 1.0-28 | 68.00 | OK | |||
r-oldrel-macos-x86_64 | 1.0-28 | 75.00 | OK | |||
r-oldrel-windows-x86_64 | 1.0-28 | 18.00 | 121.00 | 139.00 | OK |
Version: 1.0-28
Check: CRAN incoming feasibility
Result: NOTE
Maintainer: ‘Mizanur Khondoker <mizanur.khondoker@gmail.com>’
No Authors@R field in DESCRIPTION.
Please add one, modifying
Authors@R: person(given = "Mizanur",
family = "Khondoker",
role = c("aut", "cre"),
email = "mizanur.khondoker@gmail.com")
as necessary.
Flavors: r-devel-linux-x86_64-debian-clang, r-devel-linux-x86_64-debian-gcc