Last updated on 2025-10-31 09:50:24 CET.
| Flavor | Version | Tinstall | Tcheck | Ttotal | Status | Flags | 
|---|---|---|---|---|---|---|
| r-devel-linux-x86_64-debian-clang | 0.9.1 | 1.55 | 36.10 | 37.65 | NOTE | |
| r-devel-linux-x86_64-debian-gcc | 0.9.1 | 1.43 | 28.58 | 30.01 | NOTE | |
| r-devel-linux-x86_64-fedora-clang | 0.9.1 | 56.78 | OK | |||
| r-devel-linux-x86_64-fedora-gcc | 0.9.1 | 68.48 | OK | |||
| r-devel-windows-x86_64 | 0.9.1 | 3.00 | 49.00 | 52.00 | OK | |
| r-patched-linux-x86_64 | 0.9.1 | 1.89 | 33.20 | 35.09 | OK | |
| r-release-linux-x86_64 | 0.9.1 | 1.72 | 33.06 | 34.78 | OK | |
| r-release-macos-arm64 | 0.9.1 | 1.00 | 23.00 | 24.00 | OK | |
| r-release-macos-x86_64 | 0.9.1 | 1.00 | 50.00 | 51.00 | OK | |
| r-release-windows-x86_64 | 0.9.1 | 3.00 | 51.00 | 54.00 | OK | |
| r-oldrel-macos-arm64 | 0.9.1 | 1.00 | 22.00 | 23.00 | OK | |
| r-oldrel-macos-x86_64 | 0.9.1 | 2.00 | 33.00 | 35.00 | OK | |
| r-oldrel-windows-x86_64 | 0.9.1 | 3.00 | 60.00 | 63.00 | OK | 
Version: 0.9.1
Check: CRAN incoming feasibility
Result: NOTE
  Maintainer: ‘Philipp Külpmann <philipp@kuelpmann.org>’
  
  Package CITATION file contains call(s) to old-style citEntry().  Please
  use bibentry() instead.
Flavors: r-devel-linux-x86_64-debian-clang, r-devel-linux-x86_64-debian-gcc