Last updated on 2025-10-22 09:50:43 CEST.
Flavor | Version | Tinstall | Tcheck | Ttotal | Status | Flags |
---|---|---|---|---|---|---|
r-devel-linux-x86_64-debian-clang | 1.1.0 | 8.31 | 69.77 | 78.08 | NOTE | |
r-devel-linux-x86_64-debian-gcc | 1.1.0 | 6.08 | 51.67 | 57.75 | NOTE | |
r-devel-linux-x86_64-fedora-clang | 1.1.0 | 15.00 | 101.15 | 116.15 | OK | |
r-devel-linux-x86_64-fedora-gcc | 1.1.0 | 18.00 | 96.54 | 114.54 | OK | |
r-devel-windows-x86_64 | 1.1.0 | 9.00 | 78.00 | 87.00 | OK | |
r-patched-linux-x86_64 | 1.1.0 | 8.44 | 66.07 | 74.51 | OK | |
r-release-linux-x86_64 | 1.1.0 | 8.07 | 65.92 | 73.99 | OK | |
r-release-macos-arm64 | 1.1.0 | 4.00 | 33.00 | 37.00 | OK | |
r-release-macos-x86_64 | 1.1.0 | 7.00 | 58.00 | 65.00 | OK | |
r-release-windows-x86_64 | 1.1.0 | 9.00 | 81.00 | 90.00 | OK | |
r-oldrel-macos-arm64 | 1.1.0 | 4.00 | 30.00 | 34.00 | OK | |
r-oldrel-macos-x86_64 | 1.1.0 | 5.00 | 45.00 | 50.00 | OK | |
r-oldrel-windows-x86_64 | 1.1.0 | 12.00 | 98.00 | 110.00 | OK |
Version: 1.1.0
Check: CRAN incoming feasibility
Result: NOTE
Maintainer: ‘Huan Cheng <hcheng1118@hotmail.com>’
The Description field contains
Cheng and He (2021) <arXiv:2110.03833>. The references for sample size
Please refer to arXiv e-prints via their arXiv DOI <doi:10.48550/arXiv.YYMM.NNNNN>.
Flavors: r-devel-linux-x86_64-debian-clang, r-devel-linux-x86_64-debian-gcc