Last updated on 2025-10-22 09:50:42 CEST.
Flavor | Version | Tinstall | Tcheck | Ttotal | Status | Flags |
---|---|---|---|---|---|---|
r-devel-linux-x86_64-debian-clang | 0.1.1 | 13.61 | 111.17 | 124.78 | NOTE | |
r-devel-linux-x86_64-debian-gcc | 0.1.1 | 10.24 | 78.17 | 88.41 | NOTE | |
r-devel-linux-x86_64-fedora-clang | 0.1.1 | 36.00 | 153.46 | 189.46 | OK | |
r-devel-linux-x86_64-fedora-gcc | 0.1.1 | 29.00 | 152.68 | 181.68 | OK | |
r-devel-windows-x86_64 | 0.1.1 | 15.00 | 178.00 | 193.00 | OK | |
r-patched-linux-x86_64 | 0.1.1 | 11.83 | 101.94 | 113.77 | OK | |
r-release-linux-x86_64 | 0.1.1 | 13.40 | 101.73 | 115.13 | OK | |
r-release-macos-arm64 | 0.1.1 | 5.00 | 41.00 | 46.00 | OK | |
r-release-macos-x86_64 | 0.1.1 | 11.00 | 88.00 | 99.00 | OK | |
r-release-windows-x86_64 | 0.1.1 | 16.00 | 139.00 | 155.00 | OK | |
r-oldrel-macos-arm64 | 0.1.1 | 5.00 | 38.00 | 43.00 | OK | |
r-oldrel-macos-x86_64 | 0.1.1 | 8.00 | 84.00 | 92.00 | OK | |
r-oldrel-windows-x86_64 | 0.1.1 | 18.00 | 153.00 | 171.00 | OK |
Version: 0.1.1
Check: HTML version of manual
Result: NOTE
Found the following HTML validation problems:
NGBforecast.html:155:1 (NGBforecast.Rd:125): Warning: <h5> anchor "Usage" already defined
NGBforecast.html:171:1 (NGBforecast.Rd:139): Warning: <h5> anchor "Arguments" already defined
NGBforecast.html:211:1 (NGBforecast.Rd:173): Warning: <h5> anchor "Returns" already defined
NGBforecast.html:228:1 (NGBforecast.Rd:182): Warning: <h5> anchor "Usage" already defined
NGBforecast.html:234:1 (NGBforecast.Rd:186): Warning: <h5> anchor "Arguments" already defined
NGBforecast.html:266:1 (NGBforecast.Rd:208): Warning: <h5> anchor "Usage" already defined
NGBforecast.html:272:1 (NGBforecast.Rd:212): Warning: <h5> anchor "Returns" already defined
NGBforecast.html:289:1 (NGBforecast.Rd:221): Warning: <h5> anchor "Usage" already defined
NGBforecast.html:295:1 (NGBforecast.Rd:225): Warning: <h5> anchor "Returns" already defined
NGBforecast.html:312:1 (NGBforecast.Rd:234): Warning: <h5> anchor "Usage" already defined
NGBforecast.html:318:1 (NGBforecast.Rd:238): Warning: <h5> anchor "Arguments" already defined
NGBforecast.html:333:1 (NGBforecast.Rd:247): Warning: <h5> anchor "Returns" already defined
NGBforecast.html:350:1 (NGBforecast.Rd:256): Warning: <h5> anchor "Usage" already defined
NGBforecast.html:356:1 (NGBforecast.Rd:260): Warning: <h5> anchor "Arguments" already defined
NGBforecastCV.html:137:1 (NGBforecastCV.Rd:139): Warning: <h5> anchor "Usage" already defined
NGBforecastCV.html:153:1 (NGBforecastCV.Rd:153): Warning: <h5> anchor "Arguments" already defined
NGBforecastCV.html:195:1 (NGBforecastCV.Rd:189): Warning: <h5> anchor "Returns" already defined
NGBforecastCV.html:212:1 (NGBforecastCV.Rd:198): Warning: <h5> anchor "Usage" already defined
NGBforecastCV.html:218:1 (NGBforecastCV.Rd:202): Warning: <h5> anchor "Arguments" already defined
Flavors: r-devel-linux-x86_64-debian-clang, r-devel-linux-x86_64-debian-gcc