Last updated on 2025-10-31 09:50:24 CET.
| Flavor | Version | Tinstall | Tcheck | Ttotal | Status | Flags | 
|---|---|---|---|---|---|---|
| r-devel-linux-x86_64-debian-clang | 0.9.1 | 4.22 | 27.20 | 31.42 | NOTE | |
| r-devel-linux-x86_64-debian-gcc | 0.9.1 | 3.04 | 21.24 | 24.28 | NOTE | |
| r-devel-linux-x86_64-fedora-clang | 0.9.1 | 45.66 | OK | |||
| r-devel-linux-x86_64-fedora-gcc | 0.9.1 | 10.00 | 36.38 | 46.38 | OK | |
| r-devel-windows-x86_64 | 0.9.1 | 7.00 | 44.00 | 51.00 | OK | |
| r-patched-linux-x86_64 | 0.9.1 | 3.56 | 25.49 | 29.05 | NOTE | |
| r-release-linux-x86_64 | 0.9.1 | 3.60 | 25.60 | 29.20 | NOTE | |
| r-release-macos-arm64 | 0.9.1 | 3.00 | 18.00 | 21.00 | OK | |
| r-release-macos-x86_64 | 0.9.1 | 6.00 | 27.00 | 33.00 | OK | |
| r-release-windows-x86_64 | 0.9.1 | 8.00 | 46.00 | 54.00 | OK | |
| r-oldrel-macos-arm64 | 0.9.1 | 3.00 | 17.00 | 20.00 | OK | |
| r-oldrel-macos-x86_64 | 0.9.1 | 7.00 | 34.00 | 41.00 | OK | |
| r-oldrel-windows-x86_64 | 0.9.1 | 9.00 | 52.00 | 61.00 | OK | 
Version: 0.9.1
Check: CRAN incoming feasibility
Result: NOTE
  Maintainer: ‘Christian Brownlees <christian.brownlees@upf.edu>’
  
  No Authors@R field in DESCRIPTION.
  Please add one, modifying
    Authors@R: person(given = "Christian",
                      family = "Brownlees",
                      role = c("aut", "cre"),
                      email = "christian.brownlees@upf.edu")
  as necessary.
Flavors: r-devel-linux-x86_64-debian-clang, r-devel-linux-x86_64-debian-gcc
Version: 0.9.1
Check: for unstated dependencies in ‘demo’
Result: NOTE
  'library' or 'require' call not declared from: ‘MASS’
Flavors: r-devel-linux-x86_64-debian-clang, r-devel-linux-x86_64-debian-gcc, r-patched-linux-x86_64, r-release-linux-x86_64