Last updated on 2025-10-31 09:50:23 CET.
| Flavor | Version | Tinstall | Tcheck | Ttotal | Status | Flags | 
|---|---|---|---|---|---|---|
| r-devel-linux-x86_64-debian-clang | 4.0.6 | 60.33 | 236.12 | 296.45 | OK | |
| r-devel-linux-x86_64-debian-gcc | 4.0.6 | 46.05 | 169.45 | 215.50 | OK | |
| r-devel-linux-x86_64-fedora-clang | 4.0.6 | 126.00 | 333.20 | 459.20 | OK | |
| r-devel-linux-x86_64-fedora-gcc | 4.0.6 | 347.00 | 166.24 | 513.24 | OK | |
| r-devel-windows-x86_64 | 4.0.6 | 59.00 | 227.00 | 286.00 | OK | |
| r-patched-linux-x86_64 | 4.0.6 | 63.70 | 228.96 | 292.66 | OK | |
| r-release-linux-x86_64 | 4.0.6 | 59.46 | 228.41 | 287.87 | OK | |
| r-release-macos-arm64 | 4.0.6 | 7.00 | ERROR | |||
| r-release-macos-x86_64 | 4.0.6 | 53.00 | 160.00 | 213.00 | OK | |
| r-release-windows-x86_64 | 4.0.6 | 65.00 | 231.00 | 296.00 | OK | |
| r-oldrel-macos-arm64 | 4.0.6 | 21.00 | 99.00 | 120.00 | NOTE | |
| r-oldrel-macos-x86_64 | 4.0.6 | 48.00 | 192.00 | 240.00 | NOTE | |
| r-oldrel-windows-x86_64 | 4.0.6 | 75.00 | 301.00 | 376.00 | OK | 
Version: 4.0.6
Check: package dependencies
Result: ERROR
  Package required but not available: ‘org.Hs.eg.db’
  
  See section ‘The DESCRIPTION file’ in the ‘Writing R Extensions’
  manual.
Flavor: r-release-macos-arm64
Version: 4.0.6
Check: installed package size
Result: NOTE
    installed size is 21.2Mb
    sub-directories of 1Mb or more:
      doc    2.8Mb
      libs  17.5Mb
Flavors: r-oldrel-macos-arm64, r-oldrel-macos-x86_64