Last updated on 2025-11-22 09:49:59 CET.
| Flavor | Version | Tinstall | Tcheck | Ttotal | Status | Flags |
|---|---|---|---|---|---|---|
| r-devel-linux-x86_64-debian-clang | 1.0.3 | 3.74 | 53.90 | 57.64 | NOTE | |
| r-devel-linux-x86_64-debian-gcc | 1.0.3 | 3.25 | 38.86 | 42.11 | NOTE | |
| r-devel-linux-x86_64-fedora-clang | 1.0.3 | 84.87 | OK | |||
| r-devel-linux-x86_64-fedora-gcc | 1.0.3 | 77.71 | OK | |||
| r-devel-windows-x86_64 | 1.0.3 | 7.00 | 74.00 | 81.00 | OK | |
| r-patched-linux-x86_64 | 1.0.3 | 5.29 | 46.40 | 51.69 | OK | |
| r-release-linux-x86_64 | 1.0.3 | 4.06 | 47.90 | 51.96 | OK | |
| r-release-macos-arm64 | 1.0.3 | OK | ||||
| r-release-macos-x86_64 | 1.0.3 | 3.00 | 39.00 | 42.00 | OK | |
| r-release-windows-x86_64 | 1.0.3 | 6.00 | 72.00 | 78.00 | OK | |
| r-oldrel-macos-arm64 | 1.0.3 | OK | ||||
| r-oldrel-macos-x86_64 | 1.0.3 | 3.00 | 35.00 | 38.00 | OK | |
| r-oldrel-windows-x86_64 | 1.0.3 | 7.00 | 86.00 | 93.00 | OK |
Version: 1.0.3
Check: CRAN incoming feasibility
Result: NOTE
Maintainer: ‘Antonio Gasparrini <antonio.gasparrini@lshtm.ac.uk>’
No Authors@R field in DESCRIPTION.
Please add one, modifying
Authors@R: person(given = "Antonio",
family = "Gasparrini",
role = c("aut", "cre"),
email = "antonio.gasparrini@lshtm.ac.uk")
as necessary.
Package CITATION file contains call(s) to old-style personList() or
as.personList(). Please use c() on person objects instead.
Package CITATION file contains call(s) to old-style citEntry(). Please
use bibentry() instead.
Flavors: r-devel-linux-x86_64-debian-clang, r-devel-linux-x86_64-debian-gcc