Last updated on 2025-11-15 11:50:50 CET.
| Flavor | Version | Tinstall | Tcheck | Ttotal | Status | Flags |
|---|---|---|---|---|---|---|
| r-devel-linux-x86_64-debian-clang | 0.0.6 | 26.20 | 123.30 | 149.50 | OK | |
| r-devel-linux-x86_64-debian-gcc | 0.0.6 | 19.21 | 140.54 | 159.75 | OK | |
| r-devel-linux-x86_64-fedora-clang | 0.0.6 | 57.00 | 174.49 | 231.49 | OK | |
| r-devel-linux-x86_64-fedora-gcc | 0.0.6 | 60.00 | 168.34 | 228.34 | OK | |
| r-devel-windows-x86_64 | 0.0.6 | 65.00 | 154.00 | 219.00 | OK | |
| r-patched-linux-x86_64 | 0.0.6 | 25.46 | 115.19 | 140.65 | OK | |
| r-release-linux-x86_64 | 0.0.6 | 24.42 | 114.69 | 139.11 | OK | |
| r-release-macos-arm64 | 0.0.6 | 10.00 | 40.00 | 50.00 | OK | |
| r-release-macos-x86_64 | 0.0.6 | 27.00 | 90.00 | 117.00 | OK | |
| r-release-windows-x86_64 | 0.0.6 | 43.00 | 159.00 | 202.00 | OK | |
| r-oldrel-macos-arm64 | 0.0.6 | 7.00 | 38.00 | 45.00 | NOTE | |
| r-oldrel-macos-x86_64 | 0.0.6 | 28.00 | 97.00 | 125.00 | NOTE | |
| r-oldrel-windows-x86_64 | 0.0.6 | 54.00 | 214.00 | 268.00 | OK |
Version: 0.0.6
Check: installed package size
Result: NOTE
installed size is 6.0Mb
sub-directories of 1Mb or more:
libs 3.7Mb
theo 1.1Mb
Flavors: r-oldrel-macos-arm64, r-oldrel-macos-x86_64