Last updated on 2025-10-31 09:50:22 CET.
| Flavor | Version | Tinstall | Tcheck | Ttotal | Status | Flags | 
|---|---|---|---|---|---|---|
| r-devel-linux-x86_64-debian-clang | 0.13.3 | 3.17 | 103.23 | 106.40 | NOTE | |
| r-devel-linux-x86_64-debian-gcc | 0.13.3 | 2.17 | 69.42 | 71.59 | NOTE | |
| r-devel-linux-x86_64-fedora-clang | 0.13.3 | 169.09 | NOTE | |||
| r-devel-linux-x86_64-fedora-gcc | 0.13.3 | 176.43 | NOTE | |||
| r-devel-windows-x86_64 | 0.13.3 | 5.00 | 112.00 | 117.00 | OK | |
| r-patched-linux-x86_64 | 0.13.3 | 3.67 | 97.14 | 100.81 | OK | |
| r-release-linux-x86_64 | 0.13.3 | 2.46 | 96.80 | 99.26 | OK | |
| r-release-macos-arm64 | 0.13.3 | 2.00 | 66.00 | 68.00 | OK | |
| r-release-macos-x86_64 | 0.13.3 | 3.00 | 109.00 | 112.00 | OK | |
| r-release-windows-x86_64 | 0.13.3 | 5.00 | 112.00 | 117.00 | OK | |
| r-oldrel-macos-arm64 | 0.13.3 | 2.00 | 53.00 | 55.00 | NOTE | |
| r-oldrel-macos-x86_64 | 0.13.3 | 2.00 | 86.00 | 88.00 | NOTE | |
| r-oldrel-windows-x86_64 | 0.13.3 | 6.00 | 155.00 | 161.00 | NOTE | 
Version: 0.13.3
Check: CRAN incoming feasibility
Result: NOTE
  Maintainer: ‘Sebastian Hönel <sebastian.honel@lnu.se>’
  
  No Authors@R field in DESCRIPTION.
  Please add one, modifying
    Authors@R: person(given = "Sebastian",
                      family = "Hönel",
                      role = c("aut", "cre"),
                      email = "sebastian.honel@lnu.se")
  as necessary.
Flavors: r-devel-linux-x86_64-debian-clang, r-devel-linux-x86_64-debian-gcc
Version: 0.13.3
Check: dependencies in R code
Result: NOTE
  Namespaces in Imports field not imported from:
    ‘datasets’ ‘doParallel’ ‘parallel’
    All declared Imports should be used.
Flavors: r-devel-linux-x86_64-fedora-clang, r-devel-linux-x86_64-fedora-gcc
Version: 0.13.3
Check: LazyData
Result: NOTE
    'LazyData' is specified without a 'data' directory
Flavors: r-oldrel-macos-arm64, r-oldrel-macos-x86_64, r-oldrel-windows-x86_64