Last updated on 2025-10-22 09:50:40 CEST.
Flavor | Version | Tinstall | Tcheck | Ttotal | Status | Flags |
---|---|---|---|---|---|---|
r-devel-linux-x86_64-debian-clang | 1.0.0 | 6.71 | 263.60 | 270.31 | NOTE | |
r-devel-linux-x86_64-debian-gcc | 1.0.0 | 4.70 | 184.81 | 189.51 | NOTE | |
r-devel-linux-x86_64-fedora-clang | 1.0.0 | 46.00 | 378.26 | 424.26 | OK | |
r-devel-linux-x86_64-fedora-gcc | 1.0.0 | 13.00 | 359.67 | 372.67 | OK | |
r-devel-windows-x86_64 | 1.0.0 | 8.00 | 246.00 | 254.00 | OK | |
r-patched-linux-x86_64 | 1.0.0 | 5.55 | 244.03 | 249.58 | OK | |
r-release-linux-x86_64 | 1.0.0 | 6.03 | 239.16 | 245.19 | OK | |
r-release-macos-arm64 | 1.0.0 | 4.00 | 90.00 | 94.00 | OK | |
r-release-macos-x86_64 | 1.0.0 | 5.00 | 123.00 | 128.00 | OK | |
r-release-windows-x86_64 | 1.0.0 | 8.00 | 241.00 | 249.00 | OK | |
r-oldrel-macos-arm64 | 1.0.0 | 3.00 | 77.00 | 80.00 | OK | |
r-oldrel-macos-x86_64 | 1.0.0 | 5.00 | 139.00 | 144.00 | OK | |
r-oldrel-windows-x86_64 | 1.0.0 | 10.00 | 337.00 | 347.00 | OK |
Version: 1.0.0
Check: HTML version of manual
Result: NOTE
Found the following HTML validation problems:
mlr_optimizers_async_successive_halving.html:150:1 (mlr_optimizers_async_successive_halving.Rd:103): Warning: <h5> anchor "Usage" already defined
mlr_optimizers_async_successive_halving.html:186:1 (mlr_optimizers_async_successive_halving.Rd:123): Warning: <h5> anchor "Usage" already defined
mlr_optimizers_async_successive_halving.html:192:1 (mlr_optimizers_async_successive_halving.Rd:127): Warning: <h5> anchor "Arguments" already defined
mlr_optimizers_hyperband.html:232:1 (mlr_optimizers_hyperband.Rd:194): Warning: <h5> anchor "Usage" already defined
mlr_optimizers_successive_halving.html:223:1 (mlr_optimizers_successive_halving.Rd:188): Warning: <h5> anchor "Usage" already defined
mlr_tuners_async_successive_halving.html:157:1 (mlr_tuners_async_successive_halving.Rd:111): Warning: <h5> anchor "Usage" already defined
mlr_tuners_hyperband.html:251:1 (mlr_tuners_hyperband.Rd:200): Warning: <h5> anchor "Usage" already defined
mlr_tuners_successive_halving.html:241:1 (mlr_tuners_successive_halving.Rd:193): Warning: <h5> anchor "Usage" already defined
Flavors: r-devel-linux-x86_64-debian-clang, r-devel-linux-x86_64-debian-gcc