Last updated on 2025-10-31 09:50:22 CET.
| Flavor | Version | Tinstall | Tcheck | Ttotal | Status | Flags | 
|---|---|---|---|---|---|---|
| r-devel-linux-x86_64-debian-clang | 0.3.0 | 14.39 | 108.82 | 123.21 | NOTE | |
| r-devel-linux-x86_64-debian-gcc | 0.3.0 | 11.22 | 78.57 | 89.79 | NOTE | |
| r-devel-linux-x86_64-fedora-clang | 0.3.0 | 30.00 | 155.69 | 185.69 | NOTE | |
| r-devel-linux-x86_64-fedora-gcc | 0.3.0 | 36.00 | 136.92 | 172.92 | NOTE | |
| r-devel-windows-x86_64 | 0.3.0 | 15.00 | 102.00 | 117.00 | NOTE | |
| r-patched-linux-x86_64 | 0.3.0 | 13.88 | 99.73 | 113.61 | NOTE | |
| r-release-linux-x86_64 | 0.3.0 | 11.46 | 98.94 | 110.40 | NOTE | |
| r-release-macos-arm64 | 0.3.0 | 7.00 | 53.00 | 60.00 | NOTE | |
| r-release-macos-x86_64 | 0.3.0 | 12.00 | 97.00 | 109.00 | NOTE | |
| r-release-windows-x86_64 | 0.3.0 | 16.00 | 105.00 | 121.00 | NOTE | |
| r-oldrel-macos-arm64 | 0.3.0 | 7.00 | 45.00 | 52.00 | NOTE | |
| r-oldrel-macos-x86_64 | 0.3.0 | 9.00 | 64.00 | 73.00 | NOTE | |
| r-oldrel-windows-x86_64 | 0.3.0 | 21.00 | 141.00 | 162.00 | NOTE | 
Version: 0.3.0
Check: Rd files
Result: NOTE
  checkRd: (-1) mlim.Rd:58: Lost braces
      58 |              Note that code{"XGB"} is only available in Mac OS and Linux. moreover,
         |                            ^
Flavors: r-devel-linux-x86_64-debian-clang, r-devel-linux-x86_64-debian-gcc, r-devel-linux-x86_64-fedora-clang, r-devel-linux-x86_64-fedora-gcc, r-devel-windows-x86_64, r-patched-linux-x86_64, r-release-linux-x86_64, r-release-macos-arm64, r-release-macos-x86_64, r-release-windows-x86_64, r-oldrel-macos-arm64, r-oldrel-macos-x86_64, r-oldrel-windows-x86_64