Last updated on 2025-10-23 10:48:47 CEST.
| Flavor | Version | Tinstall | Tcheck | Ttotal | Status | Flags |
|---|---|---|---|---|---|---|
| r-devel-linux-x86_64-debian-clang | 1.0.3 | 46.51 | 27.59 | 74.10 | OK | |
| r-devel-linux-x86_64-debian-gcc | 1.0.3 | 35.80 | 25.32 | 61.12 | OK | |
| r-devel-linux-x86_64-fedora-clang | 1.0.3 | 217.00 | -105.21 | 111.79 | OK | |
| r-devel-linux-x86_64-fedora-gcc | 1.0.3 | 113.00 | 18.17 | 131.17 | OK | |
| r-devel-windows-x86_64 | 1.0.3 | 45.00 | 63.00 | 108.00 | OK | |
| r-patched-linux-x86_64 | 1.0.3 | 51.60 | 31.61 | 83.21 | OK | |
| r-release-linux-x86_64 | 1.0.3 | 45.97 | 31.40 | 77.37 | OK | |
| r-release-macos-arm64 | 1.0.3 | 19.00 | 16.00 | 35.00 | OK | |
| r-release-macos-x86_64 | 1.0.3 | 45.00 | 36.00 | 81.00 | OK | |
| r-release-windows-x86_64 | 1.0.3 | 47.00 | 68.00 | 115.00 | OK | |
| r-oldrel-macos-arm64 | 1.0.3 | 19.00 | 21.00 | 40.00 | NOTE | |
| r-oldrel-macos-x86_64 | 1.0.3 | 42.00 | 29.00 | 71.00 | NOTE | |
| r-oldrel-windows-x86_64 | 1.0.3 | 54.00 | 77.00 | 131.00 | OK |
Version: 1.0.3
Check: installed package size
Result: NOTE
installed size is 25.6Mb
sub-directories of 1Mb or more:
libs 25.5Mb
Flavors: r-oldrel-macos-arm64, r-oldrel-macos-x86_64