Last updated on 2025-11-22 09:49:58 CET.
| Flavor | Version | Tinstall | Tcheck | Ttotal | Status | Flags |
|---|---|---|---|---|---|---|
| r-devel-linux-x86_64-debian-clang | 0.6-10 | 7.81 | 72.89 | 80.70 | NOTE | |
| r-devel-linux-x86_64-debian-gcc | 0.6-10 | 6.03 | 53.66 | 59.69 | NOTE | |
| r-devel-linux-x86_64-fedora-clang | 0.6-10 | 37.00 | 95.51 | 132.51 | OK | |
| r-devel-linux-x86_64-fedora-gcc | 0.6-10 | 35.00 | 92.36 | 127.36 | OK | |
| r-devel-windows-x86_64 | 0.6-10 | 12.00 | 80.00 | 92.00 | OK | |
| r-patched-linux-x86_64 | 0.6-10 | 7.38 | 69.00 | 76.38 | OK | |
| r-release-linux-x86_64 | 0.6-10 | 7.74 | 68.84 | 76.58 | OK | |
| r-release-macos-arm64 | 0.6-10 | OK | ||||
| r-release-macos-x86_64 | 0.6-10 | 11.00 | 66.00 | 77.00 | OK | |
| r-release-windows-x86_64 | 0.6-10 | 10.00 | 80.00 | 90.00 | OK | |
| r-oldrel-macos-arm64 | 0.6-10 | OK | ||||
| r-oldrel-macos-x86_64 | 0.6-10 | 6.00 | 47.00 | 53.00 | OK | |
| r-oldrel-windows-x86_64 | 0.6-10 | 14.00 | 106.00 | 120.00 | OK |
Version: 0.6-10
Check: CRAN incoming feasibility
Result: NOTE
Maintainer: ‘Arne Henningsen <arne.henningsen@gmail.com>’
No Authors@R field in DESCRIPTION.
Please add one, modifying
Authors@R: person(given = "Arne",
family = "Henningsen",
role = c("aut", "cre"),
email = "arne.henningsen@gmail.com")
as necessary.
Flavors: r-devel-linux-x86_64-debian-clang, r-devel-linux-x86_64-debian-gcc