Last updated on 2025-11-20 11:51:16 CET.
| Flavor | Version | Tinstall | Tcheck | Ttotal | Status | Flags |
|---|---|---|---|---|---|---|
| r-devel-linux-x86_64-debian-clang | 1.1 | 9.33 | 81.98 | 91.31 | NOTE | |
| r-devel-linux-x86_64-debian-gcc | 1.1 | 6.53 | 61.22 | 67.75 | NOTE | |
| r-devel-linux-x86_64-fedora-clang | 1.1 | 20.00 | 118.57 | 138.57 | OK | |
| r-devel-linux-x86_64-fedora-gcc | 1.1 | 19.00 | 115.12 | 134.12 | OK | |
| r-devel-windows-x86_64 | 1.1 | 10.00 | 90.00 | 100.00 | OK | |
| r-patched-linux-x86_64 | 1.1 | 8.40 | 77.54 | 85.94 | OK | |
| r-release-linux-x86_64 | 1.1 | 9.77 | 77.63 | 87.40 | OK | |
| r-release-macos-arm64 | 1.1 | OK | ||||
| r-release-macos-x86_64 | 1.1 | 8.00 | 84.00 | 92.00 | OK | |
| r-release-windows-x86_64 | 1.1 | 9.00 | 89.00 | 98.00 | OK | |
| r-oldrel-macos-arm64 | 1.1 | OK | ||||
| r-oldrel-macos-x86_64 | 1.1 | 6.00 | 63.00 | 69.00 | OK | |
| r-oldrel-windows-x86_64 | 1.1 | 13.00 | 111.00 | 124.00 | OK |
Version: 1.1
Check: CRAN incoming feasibility
Result: NOTE
Maintainer: ‘Aurelie Bertrand <aurelie.bertrand@uclouvain.be>’
No Authors@R field in DESCRIPTION.
Please add one, modifying
Authors@R: c(person(given = "Aurelie",
family = "Bertrand",
role = c("aut", "cre"),
email = "aurelie.bertrand@uclouvain.be"),
person(given = "Catherine",
family = "Legrand",
role = "aut"),
person(given = "Ingrid",
family = "Van Keilegom",
role = "aut"))
as necessary.
Flavors: r-devel-linux-x86_64-debian-clang, r-devel-linux-x86_64-debian-gcc