Last updated on 2025-11-02 11:50:26 CET.
| Flavor | Version | Tinstall | Tcheck | Ttotal | Status | Flags |
|---|---|---|---|---|---|---|
| r-devel-linux-x86_64-debian-clang | 0.1.5 | 1.45 | 19.91 | 21.36 | NOTE | |
| r-devel-linux-x86_64-debian-gcc | 0.1.5 | 1.21 | 16.83 | 18.04 | NOTE | |
| r-devel-linux-x86_64-fedora-clang | 0.1.5 | 29.77 | NOTE | |||
| r-devel-linux-x86_64-fedora-gcc | 0.1.5 | 28.51 | NOTE | |||
| r-devel-windows-x86_64 | 0.1.5 | 4.00 | 39.00 | 43.00 | NOTE | |
| r-patched-linux-x86_64 | 0.1.5 | 1.60 | 17.71 | 19.31 | NOTE | |
| r-release-linux-x86_64 | 0.1.5 | 1.72 | 17.74 | 19.46 | NOTE | |
| r-release-macos-arm64 | 0.1.5 | 1.00 | 17.00 | 18.00 | NOTE | |
| r-release-macos-x86_64 | 0.1.5 | 2.00 | 21.00 | 23.00 | NOTE | |
| r-release-windows-x86_64 | 0.1.5 | 3.00 | 37.00 | 40.00 | NOTE | |
| r-oldrel-macos-arm64 | 0.1.5 | 1.00 | 14.00 | 15.00 | NOTE | |
| r-oldrel-macos-x86_64 | 0.1.5 | 2.00 | 19.00 | 21.00 | NOTE | |
| r-oldrel-windows-x86_64 | 0.1.5 | 4.00 | 44.00 | 48.00 | NOTE |
Version: 0.1.5
Check: CRAN incoming feasibility
Result: NOTE
Maintainer: ‘Imanuel Costigan <i.costigan@me.com>’
No Authors@R field in DESCRIPTION.
Please add one, modifying
Authors@R: person(given = "Imanuel",
family = "Costigan",
role = c("aut", "cre"),
email = "i.costigan@me.com")
as necessary.
Flavors: r-devel-linux-x86_64-debian-clang, r-devel-linux-x86_64-debian-gcc
Version: 0.1.5
Check: Rd files
Result: NOTE
checkRd: (-1) create_terminal_dir.Rd:11: Lost braces; missing escapes or markup?
11 | the following child folders: {repo_base}/bin/ and {repo_base}/src/. A
| ^
checkRd: (-1) create_terminal_dir.Rd:11: Lost braces; missing escapes or markup?
11 | the following child folders: {repo_base}/bin/ and {repo_base}/src/. A
| ^
checkRd: (-1) full_repo_dir.Rd:11: Lost braces; missing escapes or markup?
11 | the following child folders: {repo_base}/bin/ and {repo_base}/src/. A
| ^
checkRd: (-1) full_repo_dir.Rd:11: Lost braces; missing escapes or markup?
11 | the following child folders: {repo_base}/bin/ and {repo_base}/src/. A
| ^
Flavors: r-devel-linux-x86_64-debian-clang, r-devel-linux-x86_64-debian-gcc, r-devel-linux-x86_64-fedora-clang, r-devel-linux-x86_64-fedora-gcc, r-devel-windows-x86_64, r-patched-linux-x86_64, r-release-linux-x86_64, r-release-macos-arm64, r-release-macos-x86_64, r-release-windows-x86_64, r-oldrel-macos-arm64, r-oldrel-macos-x86_64, r-oldrel-windows-x86_64