Last updated on 2025-10-22 09:50:39 CEST.
Flavor | Version | Tinstall | Tcheck | Ttotal | Status | Flags |
---|---|---|---|---|---|---|
r-devel-linux-x86_64-debian-clang | 0.2.8 | 16.97 | 107.62 | 124.59 | NOTE | |
r-devel-linux-x86_64-debian-gcc | 0.2.8 | 12.25 | 80.96 | 93.21 | NOTE | |
r-devel-linux-x86_64-fedora-clang | 0.2.8 | 41.00 | 149.55 | 190.55 | OK | |
r-devel-linux-x86_64-fedora-gcc | 0.2.8 | 34.00 | 161.41 | 195.41 | OK | |
r-devel-windows-x86_64 | 0.2.8 | 18.00 | 134.00 | 152.00 | OK | |
r-patched-linux-x86_64 | 0.2.8 | 19.84 | 102.38 | 122.22 | OK | |
r-release-linux-x86_64 | 0.2.8 | 15.62 | 101.81 | 117.43 | OK | |
r-release-macos-arm64 | 0.2.8 | 7.00 | 69.00 | 76.00 | OK | |
r-release-macos-x86_64 | 0.2.8 | 33.00 | 118.00 | 151.00 | OK | |
r-release-windows-x86_64 | 0.2.8 | 17.00 | 147.00 | 164.00 | OK | |
r-oldrel-macos-arm64 | 0.2.8 | 7.00 | 59.00 | 66.00 | OK | |
r-oldrel-macos-x86_64 | 0.2.8 | 18.00 | 138.00 | 156.00 | OK | |
r-oldrel-windows-x86_64 | 0.2.8 | 25.00 | 160.00 | 185.00 | OK |
Version: 0.2.8
Check: HTML version of manual
Result: NOTE
Found the following HTML validation problems:
NEWS.html:198:55 (NEWS.Rd:119): Warning: missing </p> before <a>
NEWS.html:198:5 (NEWS.Rd:119): Warning: missing </a> before <a>
NEWS.html:198:149 (NEWS.Rd:119): Warning: inserting implicit <p>
NEWS.html:198:153 (NEWS.Rd:119): Warning: discarding unexpected </a>
NEWS.html:199:55 (NEWS.Rd:119): Warning: missing </p> before <a>
NEWS.html:199:5 (NEWS.Rd:119): Warning: missing </a> before <a>
NEWS.html:199:149 (NEWS.Rd:119): Warning: inserting implicit <p>
NEWS.html:199:153 (NEWS.Rd:119): Warning: discarding unexpected </a>
NEWS.html:200:55 (NEWS.Rd:119): Warning: missing </p> before <a>
NEWS.html:200:5 (NEWS.Rd:119): Warning: missing </a> before <a>
NEWS.html:200:149 (NEWS.Rd:119): Warning: inserting implicit <p>
NEWS.html:200:153 (NEWS.Rd:119): Warning: discarding unexpected </a>
NEWS.html:201:55 (NEWS.Rd:119): Warning: missing </p> before <a>
NEWS.html:201:5 (NEWS.Rd:119): Warning: missing </a> before <a>
NEWS.html:201:149 (NEWS.Rd:119): Warning: inserting implicit <p>
NEWS.html:201:153 (NEWS.Rd:119): Warning: discarding unexpected </a>
NEWS.html:202:55 (NEWS.Rd:119): Warning: missing </p> before <a>
NEWS.html:202:5 (NEWS.Rd:119): Warning: missing </a> before <a>
NEWS.html:202:149 (NEWS.Rd:119): Warning: inserting implicit <p>
NEWS.html:202:153 (NEWS.Rd:119): Warning: discarding unexpected </a>
NEWS.html:203:55 (NEWS.Rd:119): Warning: missing </p> before <a>
NEWS.html:203:5 (NEWS.Rd:119): Warning: missing </a> before <a>
NEWS.html:203:149 (NEWS.Rd:119): Warning: inserting implicit <p>
NEWS.html:203:153 (NEWS.Rd:119): Warning: discarding unexpected </a>
NEWS.html:204:55 (NEWS.Rd:119): Warning: missing </p> before <a>
NEWS.html:204:5 (NEWS.Rd:119): Warning: missing </a> before <a>
NEWS.html:204:149 (NEWS.Rd:119): Warning: inserting implicit <p>
NEWS.html:204:153 (NEWS.Rd:119): Warning: discarding unexpected </a>
NEWS.html:205:55 (NEWS.Rd:119): Warning: missing </p> before <a>
NEWS.html:205:5 (NEWS.Rd:119): Warning: missing </a> before <a>
NEWS.html:205:149 (NEWS.Rd:119): Warning: inserting implicit <p>
NEWS.html:205:153 (NEWS.Rd:119): Warning: discarding unexpected </a>
NEWS.html:206:55 (NEWS.Rd:119): Warning: missing </p> before <a>
NEWS.html:206:5 (NEWS.Rd:119): Warning: missing </a> before <a>
NEWS.html:206:149 (NEWS.Rd:119): Warning: inserting implicit <p>
NEWS.html:206:153 (NEWS.Rd:119): Warning: discarding unexpected </a>
NEWS.html:207:59 (NEWS.Rd:119): Warning: missing </p> before <a>
NEWS.html:207:5 (NEWS.Rd:119): Warning: missing </a> before <a>
NEWS.html:207:157 (NEWS.Rd:119): Warning: inserting implicit <p>
NEWS.html:207:161 (NEWS.Rd:119): Warning: discarding unexpected </a>
NEWS.html:208:59 (NEWS.Rd:119): Warning: missing </p> before <a>
NEWS.html:208:5 (NEWS.Rd:119): Warning: missing </a> before <a>
NEWS.html:208:157 (NEWS.Rd:119): Warning: inserting implicit <p>
NEWS.html:208:161 (NEWS.Rd:119): Warning: discarding unexpected </a>
NEWS.html:209:59 (NEWS.Rd:119): Warning: missing </p> before <a>
NEWS.html:209:5 (NEWS.Rd:119): Warning: missing </a> before <a>
NEWS.html:209:157 (NEWS.Rd:119): Warning: inserting implicit <p>
NEWS.html:209:161 (NEWS.Rd:119): Warning: discarding unexpected </a>
NEWS.html:210:55 (NEWS.Rd:119): Warning: missing </p> before <a>
NEWS.html:210:5 (NEWS.Rd:119): Warning: missing </a> before <a>
NEWS.html:210:149 (NEWS.Rd:119): Warning: inserting implicit <p>
NEWS.html:210:153 (NEWS.Rd:119): Warning: discarding unexpected </a>
NEWS.html:211:68 (NEWS.Rd:119): Warning: missing </p> before <a>
NEWS.html:211:5 (NEWS.Rd:119): Warning: missing </a> before <a>
NEWS.html:211:175 (NEWS.Rd:119): Warning: inserting implicit <p>
NEWS.html:211:179 (NEWS.Rd:119): Warning: discarding unexpected </a>
NEWS.html:198:55 (NEWS.Rd:119): Warning: trimming empty <p>
NEWS.html:198:149 (NEWS.Rd:119): Warning: trimming empty <p>
NEWS.html:199:55 (NEWS.Rd:119): Warning: trimming empty <p>
NEWS.html:199:149 (NEWS.Rd:119): Warning: trimming empty <p>
NEWS.html:200:55 (NEWS.Rd:119): Warning: trimming empty <p>
NEWS.html:200:149 (NEWS.Rd:119): Warning: trimming empty <p>
NEWS.html:201:55 (NEWS.Rd:119): Warning: trimming empty <p>
NEWS.html:201:149 (NEWS.Rd:119): Warning: trimming empty <p>
NEWS.html:202:55 (NEWS.Rd:119): Warning: trimming empty <p>
NEWS.html:202:149 (NEWS.Rd:119): Warning: trimming empty <p>
NEWS.html:203:55 (NEWS.Rd:119): Warning: trimming empty <p>
NEWS.html:203:149 (NEWS.Rd:119): Warning: trimming empty <p>
NEWS.html:204:55 (NEWS.Rd:119): Warning: trimming empty <p>
NEWS.html:204:149 (NEWS.Rd:119): Warning: trimming empty <p>
NEWS.html:205:55 (NEWS.Rd:119): Warning: trimming empty <p>
NEWS.html:205:149 (NEWS.Rd:119): Warning: trimming empty <p>
NEWS.html:206:55 (NEWS.Rd:119): Warning: trimming empty <p>
NEWS.html:206:149 (NEWS.Rd:119): Warning: trimming empty <p>
NEWS.html:207:59 (NEWS.Rd:119): Warning: trimming empty <p>
NEWS.html:207:157 (NEWS.Rd:119): Warning: trimming empty <p>
NEWS.html:208:59 (NEWS.Rd:119): Warning: trimming empty <p>
NEWS.html:208:157 (NEWS.Rd:119): Warning: trimming empty <p>
NEWS.html:209:59 (NEWS.Rd:119): Warning: trimming empty <p>
NEWS.html:209:157 (NEWS.Rd:119): Warning: trimming empty <p>
NEWS.html:210:55 (NEWS.Rd:119): Warning: trimming empty <p>
NEWS.html:210:149 (NEWS.Rd:119): Warning: trimming empty <p>
NEWS.html:211:68 (NEWS.Rd:119): Warning: trimming empty <p>
NEWS.html:211:175 (NEWS.Rd:119): Warning: trimming empty <p>
Flavors: r-devel-linux-x86_64-debian-clang, r-devel-linux-x86_64-debian-gcc