Last updated on 2025-10-30 09:49:54 CET.
| Flavor | Version | Tinstall | Tcheck | Ttotal | Status | Flags | 
|---|---|---|---|---|---|---|
| r-devel-linux-x86_64-debian-clang | 0.1.10 | 5.98 | 85.49 | 91.47 | NOTE | |
| r-devel-linux-x86_64-debian-gcc | 0.1.10 | 4.62 | 65.18 | 69.80 | NOTE | |
| r-devel-linux-x86_64-fedora-clang | 0.1.10 | 15.00 | 127.07 | 142.07 | OK | |
| r-devel-linux-x86_64-fedora-gcc | 0.1.10 | 13.00 | 136.24 | 149.24 | OK | |
| r-devel-windows-x86_64 | 0.1.10 | 7.00 | 95.00 | 102.00 | OK | |
| r-patched-linux-x86_64 | 0.1.10 | 6.30 | 83.49 | 89.79 | OK | |
| r-release-linux-x86_64 | 0.1.10 | 6.30 | 82.90 | 89.20 | OK | |
| r-release-macos-arm64 | 0.1.10 | 4.00 | 63.00 | 67.00 | OK | |
| r-release-macos-x86_64 | 0.1.10 | 5.00 | 89.00 | 94.00 | OK | |
| r-release-windows-x86_64 | 0.1.10 | 7.00 | 95.00 | 102.00 | OK | |
| r-oldrel-macos-arm64 | 0.1.10 | 3.00 | 44.00 | 47.00 | OK | |
| r-oldrel-macos-x86_64 | 0.1.10 | 5.00 | 71.00 | 76.00 | OK | |
| r-oldrel-windows-x86_64 | 0.1.10 | 9.00 | 119.00 | 128.00 | OK | 
Version: 0.1.10
Check: CRAN incoming feasibility
Result: NOTE
  Maintainer: ‘Thomas Wutzler <twutz@bgc-jena.mpg.de>’
  
  No Authors@R field in DESCRIPTION.
  Please add one, modifying
    Authors@R: person(given = "Thomas",
                      family = "Wutzler",
                      role = c("aut", "cre"),
                      email = "twutz@bgc-jena.mpg.de")
  as necessary.
Flavors: r-devel-linux-x86_64-debian-clang, r-devel-linux-x86_64-debian-gcc