Last updated on 2025-10-24 09:50:07 CEST.
| Flavor | Version | Tinstall | Tcheck | Ttotal | Status | Flags |
|---|---|---|---|---|---|---|
| r-devel-linux-x86_64-debian-clang | 1.1.1 | 2.80 | 60.06 | 62.86 | NOTE | |
| r-devel-linux-x86_64-debian-gcc | 1.1.1 | 2.04 | 45.71 | 47.75 | NOTE | |
| r-devel-linux-x86_64-fedora-clang | 1.1.1 | 93.13 | NOTE | |||
| r-devel-linux-x86_64-fedora-gcc | 1.1.1 | 103.42 | NOTE | |||
| r-devel-windows-x86_64 | 1.1.1 | 4.00 | 86.00 | 90.00 | NOTE | |
| r-patched-linux-x86_64 | 1.1.1 | 3.06 | 57.94 | 61.00 | NOTE | |
| r-release-linux-x86_64 | 1.1.1 | 2.26 | 57.39 | 59.65 | NOTE | |
| r-release-macos-arm64 | 1.1.1 | 2.00 | 53.00 | 55.00 | NOTE | |
| r-release-macos-x86_64 | 1.1.1 | 3.00 | 81.00 | 84.00 | NOTE | |
| r-release-windows-x86_64 | 1.1.1 | 4.00 | 89.00 | 93.00 | NOTE | |
| r-oldrel-macos-arm64 | 1.1.1 | 1.00 | 32.00 | 33.00 | NOTE | |
| r-oldrel-macos-x86_64 | 1.1.1 | 2.00 | 64.00 | 66.00 | NOTE | |
| r-oldrel-windows-x86_64 | 1.1.1 | 6.00 | 106.00 | 112.00 | NOTE |
Version: 1.1.1
Check: package subdirectories
Result: NOTE
Problems with news in ‘NEWS.md’:
Cannot extract version info from the following section titles:
Author
Maintainer
Flavors: r-devel-linux-x86_64-debian-clang, r-devel-linux-x86_64-debian-gcc, r-devel-linux-x86_64-fedora-clang, r-devel-linux-x86_64-fedora-gcc, r-devel-windows-x86_64, r-patched-linux-x86_64, r-release-linux-x86_64, r-release-macos-arm64, r-release-macos-x86_64, r-release-windows-x86_64, r-oldrel-macos-arm64, r-oldrel-macos-x86_64, r-oldrel-windows-x86_64