Last updated on 2025-10-23 10:48:45 CEST.
Flavor | Version | Tinstall | Tcheck | Ttotal | Status | Flags |
---|---|---|---|---|---|---|
r-devel-linux-x86_64-debian-clang | 2.0 | 7.26 | 59.12 | 66.38 | NOTE | |
r-devel-linux-x86_64-debian-gcc | 2.0 | 4.79 | 43.27 | 48.06 | NOTE | |
r-devel-linux-x86_64-fedora-clang | 2.0 | 19.00 | 79.70 | 98.70 | OK | |
r-devel-linux-x86_64-fedora-gcc | 2.0 | 13.00 | 81.01 | 94.01 | OK | |
r-devel-windows-x86_64 | 2.0 | 8.00 | 70.00 | 78.00 | OK | |
r-patched-linux-x86_64 | 2.0 | 6.73 | 56.57 | 63.30 | OK | |
r-release-linux-x86_64 | 2.0 | 5.96 | 56.49 | 62.45 | OK | |
r-release-macos-arm64 | 2.0 | 4.00 | 32.00 | 36.00 | OK | |
r-release-macos-x86_64 | 2.0 | 6.00 | 50.00 | 56.00 | OK | |
r-release-windows-x86_64 | 2.0 | 7.00 | 70.00 | 77.00 | OK | |
r-oldrel-macos-arm64 | 2.0 | 4.00 | 29.00 | 33.00 | OK | |
r-oldrel-macos-x86_64 | 2.0 | 10.00 | 51.00 | 61.00 | OK | |
r-oldrel-windows-x86_64 | 2.0 | 11.00 | 84.00 | 95.00 | OK |
Version: 2.0
Check: CRAN incoming feasibility
Result: NOTE
Maintainer: ‘Glenna Nightingale <glenna.evans@gmail.com>’
No Authors@R field in DESCRIPTION.
Please add one, modifying
Authors@R: person(given = "Glenna",
family = "Nightingale",
role = c("aut", "cre"),
email = "glenna.evans@gmail.com")
as necessary.
Flavors: r-devel-linux-x86_64-debian-clang, r-devel-linux-x86_64-debian-gcc